{"id":586,"date":"2020-10-22T19:16:58","date_gmt":"2020-10-22T17:16:58","guid":{"rendered":"https:\/\/cbjurstrom.eu\/cbj\/?page_id=586"},"modified":"2024-02-15T11:48:24","modified_gmt":"2024-02-15T10:48:24","slug":"liste-3-propositions-pour-enfants","status":"publish","type":"page","link":"https:\/\/www.cbjurstrom.eu\/index.php\/liste-3-propositions-pour-enfants\/","title":{"rendered":"Liste 3: Propositions pour enfants"},"content":{"rendered":"\n<p>Pour plus de d\u00e9tails pour chacun de ces Cin\u00e9-Concerts, merci de consulter les pages des films correspondants<\/p>\n\n\n\n<h2 class=\"wp-block-heading\">1) Les Cin\u00e9-Concerts qui peuvent convenir aux tout-petits&nbsp;:<\/h2>\n\n\n\n<ul class=\"wp-block-list\">\n<li><strong>Cin\u00e9-Concert <a href=\"https:\/\/cbjurstrom.eu\/index.php\/cine-concert-autour-du-conte\/\" target=\"_blank\" rel=\"noreferrer noopener\">\u00ab\u00a0Autour du conte\u00a0\u00bb<\/a><br>2 magnifiques films en ombres chinoises de Lotte Reiniger et la version malicieuse du petit chaperon rouge de Walter Lantz (le cr\u00e9ateur de Woodywoodpeker)<br><\/strong>1 musicien &#8211; une conteuse \/d\u00e8s 2 ans<\/li>\n\n\n\n<li><strong><a href=\"https:\/\/cbjurstrom.eu\/index.php\/cine-concert-inuit-pour-petites-chouettes\/\" target=\"_blank\" rel=\"noreferrer noopener\">Cin\u00e9-Concert inuit pour petites chouettes<\/a>&#8211;<br>Un musicien, une conteuse-chanteuse et trois petits films inuit pour un voyage ludique et souriant&#8230;.<br><\/strong>1 musicien &#8211; une chanteuse\/com\u00e9dienne\/d\u00e8s 2 ans<\/li>\n\n\n\n<li><strong><a href=\"https:\/\/www.cbjurstrom.eu\/index.php\/cine-concert-contes-et-silhouettes\/\" target=\"_blank\" rel=\"noreferrer noopener\">Cin\u00e9-Co<\/a><a href=\"https:\/\/www.cbjurstrom.eu\/index.php\/cine-concert-contes-et-silhouettes\/\">ncert \u00ab\u00a0Contes e<\/a>t Silhouettes\u00a0\u00bb<\/strong><br>4 films courts magiques de Lotte Reiniger, accompagn\u00e9s par un musicien et une conteuse-chanteuse<\/li>\n<\/ul>\n\n\n\n<h2 class=\"wp-block-heading\">2) Les Cin\u00e9-Concerts pour tous en fonction de l\u2019\u00e2ge<\/h2>\n\n\n\n<ul class=\"wp-block-list\">\n<li><strong>Cin\u00e9-Concert<a rel=\"noreferrer noopener\" href=\"https:\/\/cbjurstrom.eu\/index.php\/les-aventures-du-prince-ahmed-lotte-reiniger\/\" target=\"_blank\">Les aventures du Prince Ahmed<\/a> de LOTTE REINIGER (1920)<br>les mille et une nuits en ombres chinoises et en couleurs , un merveilleux film&nbsp;!<br><\/strong>2 musiciens \u2013 1 com\u00e9dienne \/ d\u00e8s 4 ans<\/li>\n\n\n\n<li><strong>Cin\u00e9-Concert <a rel=\"noreferrer noopener\" href=\"https:\/\/cbjurstrom.eu\/index.php\/cote-courts\/\" target=\"_blank\">Cot\u00e9 Courts<\/a><br>Une histoire du cin\u00e9ma muet en 9 courts m\u00e9trages de 1900 \u00e0 1926<br><\/strong> 1 musicien \/ d\u00e8s 6 ans<\/li>\n\n\n\n<li><strong>Cin\u00e9-Concert <a rel=\"noreferrer noopener\" href=\"https:\/\/cbjurstrom.eu\/index.php\/inventaire-dinventeurs\/\" target=\"_blank\">Inventaire d\u2019Inventeurs<\/a>&#8211;<br>3 courts m\u00e9trages de C. Bowers et S. Pollard<br>Inventions \u00e0 gogo avec la po\u00e9sie et le rire en plus&nbsp;!<br><\/strong>3 musiciens \/ d\u00e8s 6 ans<\/li>\n\n\n\n<li><strong>Cin\u00e9-Concert <a rel=\"noreferrer noopener\" href=\"https:\/\/cbjurstrom.eu\/index.php\/le-mecano-de-la-general\/\" target=\"_blank\">Le M\u00e9cano de la G\u00e9n\u00e9ral<\/a> de BUSTER KEATON (USA, 1926)<br>Une \u00e9pop\u00e9e burlesque pendant la guerre de s\u00e9cession<br><\/strong> 1, 2, ou 3 musiciens \/ d\u00e8s 6 ans<\/li>\n\n\n\n<li><strong>Cin\u00e9-Concert <a rel=\"noreferrer noopener\" href=\"https:\/\/cbjurstrom.eu\/index.php\/la-croisiere-du-navigator\/\" target=\"_blank\">La Croisi\u00e8re du Navigator<\/a> de BUSTER KEATON(1924)<br>Deux jeunes gens qui ne savent rien faire de leurs dix doigts se retrouvent seuls sur un paquebot \u00e0 la d\u00e9rive&#8230;<br><\/strong>3 musiciens \/ d\u00e8s 6 ans<\/li>\n\n\n\n<li><strong>Cin\u00e9-Concert <a rel=\"noreferrer noopener\" href=\"https:\/\/cbjurstrom.eu\/index.php\/le-cameraman\/\" target=\"_blank\">Le Cam\u00e9raman<\/a> de BUSTER KEATON(1924)<br>Un jeune maladroit essaie d\u00e9sesp\u00e9r\u00e9ment de devenir reporter pour conqu\u00e9rir le c\u0153ur de sa belle&#8230;. Un des films les plus touchants de Buster Keaton.<br><\/strong>1 musicien \/ d\u00e8s 6 ans<\/li>\n\n\n\n<li><strong>Cin\u00e9-Concert <a rel=\"noreferrer noopener\" href=\"https:\/\/cbjurstrom.eu\/index.php\/max-linder\/\" target=\"_blank\">L\u2019Etroit Mousquetaire<\/a> de Max Linder (USA, 1923)<br>Une parodie bondissante des Trois Mousquetaires.<br><\/strong>3 musiciens \/ d\u00e8s 6 ans<\/li>\n\n\n\n<li><strong>Cin\u00e9-Concert <a rel=\"noreferrer noopener\" href=\"https:\/\/cbjurstrom.eu\/index.php\/autour-des-pionniers-de-lanimation\/\" target=\"_blank\">Autour des pionniers de l\u2019Animation<\/a><br>Un programme de dix court-m\u00e9trages pour d\u00e9couvrir et red\u00e9couvrir l\u2019histoire du cin\u00e9ma d\u2019animation<br><\/strong>1 musicien et une com\u00e9dienne chanteuse \/ d\u00e8s 6 ans<\/li>\n\n\n\n<li><strong>Cin\u00e9-Concert <a rel=\"noreferrer noopener\" href=\"https:\/\/cbjurstrom.eu\/index.php\/speedy-en-vitesse\/\" target=\"_blank\">Speedy<\/a> de HAROLD LLOYD(1927)<br>Humour et Tendresse avec une exceptionnelle course-poursuite en tramway<br><\/strong>1 ou 2 musiciens \/ d\u00e8s 7 ans<\/li>\n\n\n\n<li><strong>Cin\u00e9-Concert <a rel=\"noreferrer noopener\" href=\"https:\/\/cbjurstrom.eu\/index.php\/steamboat-bill-junior\/\" target=\"_blank\">Steamboat Bill Junior<\/a> de BUSTER KEATON(1924)<br>Le Mississipi et Buster Keaton aux prises avec un ouragan&nbsp;: un film tendre et \u00e0 se tordre de rire<br><\/strong>4 musiciens \/ d\u00e8s 7 ans<\/li>\n\n\n\n<li><strong>Cin\u00e9-Concert <a rel=\"noreferrer noopener\" href=\"https:\/\/cbjurstrom.eu\/index.php\/vive-le-sport\/\" target=\"_blank\">Vive le sport<\/a> de HAROLD LLOYD(1927)<br>Un match de rugby m\u00e9morable avec le grand Harold Lloyd<br><\/strong>1 ou 2 musiciens \/ d\u00e8s 7 ans<\/li>\n\n\n\n<li><strong>Cin\u00e9-Concert <a rel=\"noreferrer noopener\" href=\"https:\/\/cbjurstrom.eu\/index.php\/gosses-de-tokyo\/\" target=\"_blank\">Gosses de Tokyo<\/a> de OZU<br><\/strong>le Japon des ann\u00e9es 20 \u00e0 travers l\u2019histoire d\u2019un enfant<br>1 ou 2 musiciens \/ d\u00e8s 7 ans<\/li>\n\n\n\n<li><strong>Cin\u00e9-Concert <a rel=\"noreferrer noopener\" href=\"https:\/\/cbjurstrom.eu\/index.php\/safety-last-monte-la-dessus\/\" target=\"_blank\">Monte l\u00e0-dessus<\/a> de HAROLD LLOYD(1927)<br>Le grand Harold Lloyd \u00e0 l\u2019assaut d\u2019un tr\u00e8s tr\u00e8s tr\u00e8s haut building avec une horloge tr\u00e8s connue&nbsp;!<br><\/strong>1 ou 2 musiciens \/ d\u00e8s 7 ans<\/li>\n\n\n\n<li><strong>Cin\u00e9-Concert <a rel=\"noreferrer noopener\" href=\"https:\/\/cbjurstrom.eu\/index.php\/cauchemars-et-superstitions\/\" target=\"_blank\">Cauchemar et superstitions<\/a> de VICTOR FLEMING(1919)<br>une com\u00e9die d\u00e9lirante et bondissante avec &#8230;inondation&nbsp;!<br><\/strong>4 musiciens, une com\u00e9dienne \/ d\u00e8s 8 ans<\/li>\n\n\n\n<li><strong>Cin\u00e9-Concert <a rel=\"noreferrer noopener\" href=\"https:\/\/cbjurstrom.eu\/index.php\/college-campus\/\" target=\"_blank\">College (Sportif par amour)<\/a> de BUSTER KEATON(1924)<br>Quand Buster s\u2019essaie \u00e0 l\u2019athl\u00e9tisme pour l\u2019amour de sa belle<br><\/strong>2 musiciens \/ d\u00e8s 8 ans<\/li>\n\n\n\n<li><strong>Cin\u00e9-Concert <a rel=\"noreferrer noopener\" href=\"https:\/\/cbjurstrom.eu\/index.php\/le-pirate-noir\/\" target=\"_blank\">Le Pirate Noir<\/a> de DOUGLAS FAIRBANKS et ALAN PARKER (USA 1926)<br>Une histoire tr\u00e9pidante de pirates et le premier long m\u00e9trage en couleurs de l\u2019histoire du cin\u00e9ma<br><\/strong>5 musiciens \/ d\u00e8s 8 ans<\/li>\n\n\n\n<li><strong>Cin\u00e9-Concert <a rel=\"noreferrer noopener\" href=\"https:\/\/cbjurstrom.eu\/index.php\/trois-mesaventures-dharold-lloyd\/\" target=\"_blank\">Trois m\u00e9saventures<\/a> d\u2019Harold Lloyd (1927) Trois court-m\u00e9trages du bondissant Harold Lloyd <\/strong><br>Piano solo \/ d\u00e8s 8 ans<\/li>\n\n\n\n<li><strong><a rel=\"noreferrer noopener\" href=\"https:\/\/www.cbjurstrom.eu\/index.php\/elles-nen-font-qua-leur-tete\/\" target=\"_blank\">Elles n&rsquo;en font qu&rsquo;\u00e0 leur t\u00eate<\/a> (un programme autour des burlesques f\u00e9minins fran\u00e7ais du tout d\u00e9but du XX\u00e8me si\u00e8cle) <\/strong><br>2 ou 3 musiciens \/ d\u00e8s 6 ans<\/li>\n<\/ul>\n","protected":false},"excerpt":{"rendered":"<p>Pour plus de d\u00e9tails pour chacun de ces Cin\u00e9-Concerts, merci de consulter les pages des films correspondants 1) Les Cin\u00e9-Concerts qui peuvent convenir aux tout-petits&nbsp;: 2) Les Cin\u00e9-Concerts pour tous en fonction de l\u2019\u00e2ge<\/p>\n","protected":false},"author":1,"featured_media":665,"parent":0,"menu_order":0,"comment_status":"closed","ping_status":"closed","template":"","meta":{"neve_meta_sidebar":"","neve_meta_container":"","neve_meta_enable_content_width":"","neve_meta_content_width":0,"neve_meta_title_alignment":"","neve_meta_author_avatar":"","neve_post_elements_order":"","neve_meta_disable_header":"","neve_meta_disable_footer":"","neve_meta_disable_title":"","footnotes":""},"class_list":["post-586","page","type-page","status-publish","has-post-thumbnail","hentry"],"_links":{"self":[{"href":"https:\/\/www.cbjurstrom.eu\/index.php\/wp-json\/wp\/v2\/pages\/586","targetHints":{"allow":["GET"]}}],"collection":[{"href":"https:\/\/www.cbjurstrom.eu\/index.php\/wp-json\/wp\/v2\/pages"}],"about":[{"href":"https:\/\/www.cbjurstrom.eu\/index.php\/wp-json\/wp\/v2\/types\/page"}],"author":[{"embeddable":true,"href":"https:\/\/www.cbjurstrom.eu\/index.php\/wp-json\/wp\/v2\/users\/1"}],"replies":[{"embeddable":true,"href":"https:\/\/www.cbjurstrom.eu\/index.php\/wp-json\/wp\/v2\/comments?post=586"}],"version-history":[{"count":27,"href":"https:\/\/www.cbjurstrom.eu\/index.php\/wp-json\/wp\/v2\/pages\/586\/revisions"}],"predecessor-version":[{"id":11006,"href":"https:\/\/www.cbjurstrom.eu\/index.php\/wp-json\/wp\/v2\/pages\/586\/revisions\/11006"}],"wp:featuredmedia":[{"embeddable":true,"href":"https:\/\/www.cbjurstrom.eu\/index.php\/wp-json\/wp\/v2\/media\/665"}],"wp:attachment":[{"href":"https:\/\/www.cbjurstrom.eu\/index.php\/wp-json\/wp\/v2\/media?parent=586"}],"curies":[{"name":"wp","href":"https:\/\/api.w.org\/{rel}","templated":true}]}}