{"id":563,"date":"2020-10-22T19:06:53","date_gmt":"2020-10-22T17:06:53","guid":{"rendered":"https:\/\/cbjurstrom.eu\/cbj\/?page_id=563"},"modified":"2025-09-08T15:05:21","modified_gmt":"2025-09-08T13:05:21","slug":"le-temps-des-fileuses","status":"publish","type":"page","link":"https:\/\/www.cbjurstrom.eu\/index.php\/le-temps-des-fileuses\/","title":{"rendered":"Le Temps des Fileuses"},"content":{"rendered":"\n<h3 class=\"wp-block-heading\">BALADE CONTEE MUSICALE ET CINEMATOGRAPHIQUE DANS LE PASSE DES ANNEES 1930 A 1950 EN BRETAGNE<br>Le Temps des Fileuses<br>Musique&nbsp;: Christofer Bjurstr\u00f6m et traditionnel<\/h3>\n\n\n\n<p>Sur sc\u00e8ne, trois histoires cont\u00e9es par Catherine Le Flochmoan r\u00e9pondent \u00e0 quatre films documentaires et images d\u2019archives de Bretagne, comme une m\u00e9moire qui ressurgit.<\/p>\n\n\n\n<figure class=\"wp-block-embed is-type-video is-provider-youtube wp-block-embed-youtube wp-embed-aspect-16-9 wp-has-aspect-ratio\"><div class=\"wp-block-embed__wrapper\">\n<div class=\"nv-iframe-embed\"><iframe loading=\"lazy\" title=\"LE TEMPS DES FILEUSES Teaser\" width=\"1200\" height=\"675\" src=\"https:\/\/www.youtube.com\/embed\/P-yHmkzPPgA?feature=oembed\" frameborder=\"0\" allow=\"accelerometer; autoplay; clipboard-write; encrypted-media; gyroscope; picture-in-picture; web-share\" referrerpolicy=\"strict-origin-when-cross-origin\" allowfullscreen><\/iframe><\/div>\n<\/div><\/figure>\n\n\n\n<p>Et pour que ce voyage dans le temps soit complet\u00a0: Des chansons bretonnes et de la musique vivante, avec Catherine Le Flochmoan au chant sur des airs traditionnels et des compositions de Christofer Bjurstr\u00f6m, revisit\u00e9s \u00e0 l\u2019accord\u00e9on par J\u00e9r\u00f4me Soulas.<\/p>\n\n\n\n<p>Savez-vous par exemple ce que veut dire&nbsp;\u00bb \u00eatre n\u00e9 un samedi soir&nbsp;\u00bb&nbsp;?<br>Vous le d\u00e9couvrirez au d\u00e9tour d\u2019une foire aux chevaux. De fil en aiguille, vous cheminerez dans le quotidien des fileuses et aupr\u00e8s des Poulpicans qui peuplent la r\u00e9gion \u2026<\/p>\n\n\n\n<p class=\"has-text-align-center\"><strong>Catherine Le Flochmoan\u00a0: conte, chant<br>J\u00e9r\u00f4me Soulas\u00a0: accord\u00e9on <\/strong><\/p>\n\n\n\n<p>Avec des images de Ren\u00e9 Landur\u00e9 (Mus\u00e9e des Vieux M\u00e9tiers d\u2019Argol (29)) et de la Cin\u00e9math\u00e8que de Bretagne (Brasparts, Erbray, Chateaulin et Pleyber-Christ)<\/p>\n\n\n\n<div class=\"wp-block-buttons is-content-justification-center is-layout-flex wp-container-core-buttons-is-layout-16018d1d wp-block-buttons-is-layout-flex\">\n<div class=\"wp-block-button\"><a class=\"wp-block-button__link has-accent-background-color has-background wp-element-button\" href=\"https:\/\/www.marmouzic.org\/index.php\/le-temps-des-fileuses-creation-2019\/\" target=\"_blank\" rel=\"noreferrer noopener\">Pour en savoir plus<\/a><\/div>\n<\/div>\n\n\n\n<p><\/p>\n","protected":false},"excerpt":{"rendered":"<p>BALADE CONTEE MUSICALE ET CINEMATOGRAPHIQUE DANS LE PASSE DES ANNEES 1930 A 1950 EN BRETAGNELe Temps des FileusesMusique&nbsp;: Christofer Bjurstr\u00f6m et traditionnel Sur sc\u00e8ne, trois histoires cont\u00e9es par Catherine Le Flochmoan r\u00e9pondent \u00e0 quatre films documentaires et images d\u2019archives de Bretagne, comme une m\u00e9moire qui ressurgit. Et pour que ce voyage dans le temps soit&hellip;&nbsp;<\/p>\n","protected":false},"author":1,"featured_media":1032,"parent":0,"menu_order":0,"comment_status":"closed","ping_status":"closed","template":"","meta":{"neve_meta_sidebar":"","neve_meta_container":"","neve_meta_enable_content_width":"","neve_meta_content_width":0,"neve_meta_title_alignment":"","neve_meta_author_avatar":"","neve_post_elements_order":"","neve_meta_disable_header":"","neve_meta_disable_footer":"","neve_meta_disable_title":"","footnotes":""},"class_list":["post-563","page","type-page","status-publish","has-post-thumbnail","hentry"],"_links":{"self":[{"href":"https:\/\/www.cbjurstrom.eu\/index.php\/wp-json\/wp\/v2\/pages\/563","targetHints":{"allow":["GET"]}}],"collection":[{"href":"https:\/\/www.cbjurstrom.eu\/index.php\/wp-json\/wp\/v2\/pages"}],"about":[{"href":"https:\/\/www.cbjurstrom.eu\/index.php\/wp-json\/wp\/v2\/types\/page"}],"author":[{"embeddable":true,"href":"https:\/\/www.cbjurstrom.eu\/index.php\/wp-json\/wp\/v2\/users\/1"}],"replies":[{"embeddable":true,"href":"https:\/\/www.cbjurstrom.eu\/index.php\/wp-json\/wp\/v2\/comments?post=563"}],"version-history":[{"count":5,"href":"https:\/\/www.cbjurstrom.eu\/index.php\/wp-json\/wp\/v2\/pages\/563\/revisions"}],"predecessor-version":[{"id":11271,"href":"https:\/\/www.cbjurstrom.eu\/index.php\/wp-json\/wp\/v2\/pages\/563\/revisions\/11271"}],"wp:featuredmedia":[{"embeddable":true,"href":"https:\/\/www.cbjurstrom.eu\/index.php\/wp-json\/wp\/v2\/media\/1032"}],"wp:attachment":[{"href":"https:\/\/www.cbjurstrom.eu\/index.php\/wp-json\/wp\/v2\/media?parent=563"}],"curies":[{"name":"wp","href":"https:\/\/api.w.org\/{rel}","templated":true}]}}