{"id":542,"date":"2020-10-22T18:38:20","date_gmt":"2020-10-22T16:38:20","guid":{"rendered":"https:\/\/cbjurstrom.eu\/cbj\/?page_id=542"},"modified":"2021-09-15T18:15:56","modified_gmt":"2021-09-15T16:15:56","slug":"cote-courts","status":"publish","type":"page","link":"https:\/\/www.cbjurstrom.eu\/index.php\/cote-courts\/","title":{"rendered":"C\u00f4t\u00e9 Courts"},"content":{"rendered":"\n<p>Musique originale de Christofer Bjurstr\u00f6m<\/p>\n\n\n\n<div class=\"wp-block-media-text alignwide is-stacked-on-mobile\" style=\"grid-template-columns:44% auto\"><figure class=\"wp-block-media-text__media\"><img loading=\"lazy\" decoding=\"async\" width=\"172\" height=\"129\" src=\"https:\/\/www.cbjurstrom.eu\/wp-content\/uploads\/2020\/10\/lizzies-1.jpg\" alt=\"\" class=\"wp-image-123 size-full\"\/><\/figure><div class=\"wp-block-media-text__content\">\n<p class=\"has-normal-font-size\"><strong>Une histoire du cin\u00e9ma muet en quelques films rares et inou\u00efs !<\/strong><\/p>\n\n\n\n<p>Un cin\u00e9-concert pas comme les autres, o\u00f9 un pianiste accompagne des films rares miraculeusement retrouv\u00e9s par un collectionneur. De 1897 \u00e0 1926, un programme de 9 courts m\u00e9trages uniques.<\/p>\n<\/div><\/div>\n\n\n\n<p><\/p>\n\n\n\n<div class=\"wp-block-media-text alignwide is-stacked-on-mobile\"><figure class=\"wp-block-media-text__media\"><img loading=\"lazy\" decoding=\"async\" width=\"256\" height=\"197\" src=\"https:\/\/www.cbjurstrom.eu\/wp-content\/uploads\/2020\/10\/one-week-1.jpg\" alt=\"\" class=\"wp-image-131 size-full\"\/><\/figure><div class=\"wp-block-media-text__content\">\n<p class=\"has-medium-font-size\">9 court-m\u00e9trages de toutes les \u00e9poques du cin\u00e9ma muet<\/p>\n<\/div><\/div>\n\n\n\n<ul class=\"wp-block-list\"><li>KoKo dessinateur (Max Fleisher, USA, 1925)<br>Max Fleisher, le grand concurrent de Walt Disney, m\u00eale dessin et r\u00e9alit\u00e9 dans ce court-m\u00e9trage inventif mettant en sc\u00e8ne Koko le clown, tout droit sorti de l\u2019encrier de son cr\u00e9ateur.<\/li><li>Le Sorcier Arabe (Segundo de Chomon, Espagne, 1906)<br>Une f\u00e9\u00e9rie \u00e0 la mani\u00e8re de M\u00e9li\u00e8s, un film inventif et colori\u00e9 \u00e0 la main, un des premiers proc\u00e9d\u00e9s de mise en couleur d\u2019un film<\/li><li>Le Cauchemar de l\u2019Amateur de Fondue au Chester (USA, 1906)<br>Apr\u00e8s avoir trop bu et trop mang\u00e9, un homme se trouve entra\u00een\u00e9 dans un cauchemar. Un exemple de film teint\u00e9 permettant de voir un autre des proc\u00e9d\u00e9s utilis\u00e9s au d\u00e9but du si\u00e8cle pour faire d\u2019un film noir et blanc un film en couleurs<\/li><li>La pause de midi (The Noon Whistle) (George Jeske, avec Stan Laurel, 1923)<br>Un ouvrier \u00e0 la fois na\u00eff et fut\u00e9 triomphe d\u2019un contrema\u00eetre autoritaire dans une scierie en pleine d\u00e9confiture. Stan Laurel, avant son duo avec Hardy, tout jeune et d\u00e9j\u00e0 tr\u00e8s dr\u00f4le.<\/li><li>Le Gendarme et le voleur (France, 1897)<br>Un film tr\u00e8s court, interpr\u00e9t\u00e9 \u00e0 la mani\u00e8re de Guignol, et dont les h\u00e9ros sont un gendarme, un enfant et un canard.<\/li><li>Madame Cent kilos a chaud (Italie, 1910)<br>Ce film d\u2019un r\u00e9alisateur inconnu pousse le d\u00e9lire tr\u00e8s loin, avec de nombreux trucages, avec cette histoire de grosse dame qui se sert d\u2019un \u00e9ventail \u00e0 sa \u00ab\u00a0d\u00e9mesure\u00a0\u00bb.<\/li><li>Lizzies of the field (Mack Sennett, 1920)<br>Deux garages rivaux s\u2019affrontent dans une course d\u2019automobiles \u00e9chevel\u00e9e, loufoque et absurde.<\/li><li>Les conditions particuli\u00e8res de la circulation \u00e0 Paris (France, 1930)<br>Un documentaire comparant la circulation automobile \u00e0 Paris au d\u00e9but du si\u00e8cle et en 1930. Une curiosit\u00e9.<\/li><li>One week (Buster Keaton, 1920)<br>Buster Keaton vient de se marier et a une semaine pour construire sa maison&nbsp;: le r\u00e9sultat est assez particulier&nbsp;!<\/li><\/ul>\n\n\n\n<figure class=\"wp-block-image size-full\"><img loading=\"lazy\" decoding=\"async\" width=\"404\" height=\"320\" src=\"https:\/\/www.cbjurstrom.eu\/wp-content\/uploads\/one-week-3.jpg\" alt=\"\" class=\"wp-image-10241\" srcset=\"https:\/\/www.cbjurstrom.eu\/wp-content\/uploads\/one-week-3.jpg 404w, https:\/\/www.cbjurstrom.eu\/wp-content\/uploads\/one-week-3-300x238.jpg 300w\" sizes=\"auto, (max-width: 404px) 100vw, 404px\" \/><\/figure>\n\n\n\n<p><strong>UNE MUSIQUE AU SERVICE DES IMAGES<\/strong><\/p>\n\n\n\n<h6 class=\"wp-block-heading\">Le parti pris pour tous ces films courts est de jouer une musique dynamique et actuelle, compos\u00e9e tout sp\u00e9cialement pour chaque film. La musique comporte \u00e0 la fois des parties \u00e9crites et des parties improvis\u00e9es, pour une souplesse et une implication de chaque instant. Le plaisir et l\u2019improvisation viennent \u00e0 la rencontre des images.<\/h6>\n\n\n\n<h6 class=\"wp-block-heading\"><strong>Christofer Bjurstr\u00f6m<\/strong> Piano<\/h6>\n","protected":false},"excerpt":{"rendered":"<p>Musique originale de Christofer Bjurstr\u00f6m Une histoire du cin\u00e9ma muet en quelques films rares et inou\u00efs ! Un cin\u00e9-concert pas comme les autres, o\u00f9 un pianiste accompagne des films rares miraculeusement retrouv\u00e9s par un collectionneur. De 1897 \u00e0 1926, un programme de 9 courts m\u00e9trages uniques. 9 court-m\u00e9trages de toutes les \u00e9poques du cin\u00e9ma muet&hellip;&nbsp;<\/p>\n","protected":false},"author":1,"featured_media":132,"parent":0,"menu_order":0,"comment_status":"closed","ping_status":"closed","template":"","meta":{"neve_meta_sidebar":"","neve_meta_container":"","neve_meta_enable_content_width":"","neve_meta_content_width":0,"neve_meta_title_alignment":"","neve_meta_author_avatar":"","neve_post_elements_order":"","neve_meta_disable_header":"","neve_meta_disable_footer":"","neve_meta_disable_title":"","footnotes":""},"class_list":["post-542","page","type-page","status-publish","has-post-thumbnail","hentry"],"_links":{"self":[{"href":"https:\/\/www.cbjurstrom.eu\/index.php\/wp-json\/wp\/v2\/pages\/542","targetHints":{"allow":["GET"]}}],"collection":[{"href":"https:\/\/www.cbjurstrom.eu\/index.php\/wp-json\/wp\/v2\/pages"}],"about":[{"href":"https:\/\/www.cbjurstrom.eu\/index.php\/wp-json\/wp\/v2\/types\/page"}],"author":[{"embeddable":true,"href":"https:\/\/www.cbjurstrom.eu\/index.php\/wp-json\/wp\/v2\/users\/1"}],"replies":[{"embeddable":true,"href":"https:\/\/www.cbjurstrom.eu\/index.php\/wp-json\/wp\/v2\/comments?post=542"}],"version-history":[{"count":5,"href":"https:\/\/www.cbjurstrom.eu\/index.php\/wp-json\/wp\/v2\/pages\/542\/revisions"}],"predecessor-version":[{"id":10242,"href":"https:\/\/www.cbjurstrom.eu\/index.php\/wp-json\/wp\/v2\/pages\/542\/revisions\/10242"}],"wp:featuredmedia":[{"embeddable":true,"href":"https:\/\/www.cbjurstrom.eu\/index.php\/wp-json\/wp\/v2\/media\/132"}],"wp:attachment":[{"href":"https:\/\/www.cbjurstrom.eu\/index.php\/wp-json\/wp\/v2\/media?parent=542"}],"curies":[{"name":"wp","href":"https:\/\/api.w.org\/{rel}","templated":true}]}}