{"id":392,"date":"2020-10-21T17:22:30","date_gmt":"2020-10-21T15:22:30","guid":{"rendered":"https:\/\/cbjurstrom.eu\/cbj\/?page_id=392"},"modified":"2020-11-14T19:08:38","modified_gmt":"2020-11-14T18:08:38","slug":"cine-concert-inuit-pour-petites-chouettes","status":"publish","type":"page","link":"https:\/\/www.cbjurstrom.eu\/index.php\/cine-concert-inuit-pour-petites-chouettes\/","title":{"rendered":"Cin\u00e9-Concert Inuit pour Petites Chouettes"},"content":{"rendered":"\n<p>Une musique l\u00e9g\u00e8re et ludique, 4 films inuit-canadiens pour les tout-petits, un musicien et une conteuse-chanteuse<\/p>\n\n\n\n<p>Musique originale de Christofer Bjurstr\u00f6m, interpr\u00e9t\u00e9e sur sc\u00e8ne par Catherine Le Flochmoan (conte et chant) et Christofer Bjurstr\u00f6m (piano, fl\u00fbtes),<br>pour une s\u00e9lection de courts-m\u00e9trages de Nicolas Brault, Caroline Leaf et Co.Hoedeman <\/p>\n\n\n\n<p><div class=\"nv-iframe-embed\"><iframe loading=\"lazy\" title=\"Cine-Concert Inuit pour petites chouettes\" src=\"https:\/\/player.vimeo.com\/video\/212791658?dnt=1&amp;app_id=122963\" width=\"1200\" height=\"675\" frameborder=\"0\" allow=\"autoplay; fullscreen; picture-in-picture; clipboard-write; encrypted-media; web-share\" referrerpolicy=\"strict-origin-when-cross-origin\"><\/iframe><\/div><\/p>\n\n\n\n<p><a href=\"https:\/\/vimeo.com\/212791658\">Cine-Concert Inuit pour petites chouettes<\/a> from <a href=\"https:\/\/vimeo.com\/user23578571\">Christofer Bjurstr\u00f6m<\/a> on <a href=\"https:\/\/vimeo.com\">Vimeo<\/a>.<\/p>\n\n\n\n<p>Le son d\u2019une fl\u00fbte, un chant myst\u00e9rieux \u2026Un d\u00e9but tout en douceur&#8230;<br>Le musicien et la conteuse-chanteuse apparaissent au milieu des enfants.<br>Ils montent sur sc\u00e8ne et le Cin\u00e9-Concert sur le film \u00ab&nbsp;\u00celot&nbsp;\u00bb entra\u00eene les enfants dans le Grand Nord, le pays des inuit.<\/p>\n\n\n\n<p>Puis la lumi\u00e8re monte sur un petit monde inuit, un campement d\u2019\u00e9t\u00e9 au milieu de la neige, le bruit de l\u2019oc\u00e9an, de petits personnages, un kayak, un inuksuk&#8230; La conteuse chante et raconte l\u2019univers myst\u00e9rieux de l\u2019Arctique&#8230;<\/p>\n\n\n\n<p>Enfin, le Cin\u00e9-Concert se d\u00e9ploie \u00e0 nouveau \u00e0 travers trois autres films d\u2019animation inuit, eux aussi, mis en musique et en chansons par Christofer Bjurstr\u00f6m.<\/p>\n\n\n\n<figure class=\"wp-block-image size-large\"><img loading=\"lazy\" decoding=\"async\" width=\"264\" height=\"191\" src=\"https:\/\/www.cbjurstrom.eu\/wp-content\/uploads\/2020\/11\/1-Le-mariage-du-hibou.jpg\" alt=\"\" class=\"wp-image-866\"\/><\/figure>\n\n\n\n<p>Deux esth\u00e9tiques diff\u00e9rentes pour ces films&nbsp;: deux sont des marionnettes anim\u00e9es, les deux autres sont r\u00e9alis\u00e9s \u00e0 partir de dessins (entre autres sur le sable et le verre) mais dans ces quatre films, un univers souriant, et po\u00e9tique.<\/p>\n\n\n\n<p><em>Cr\u00e9dit photos&nbsp;: office National du Film du Canada<\/em><\/p>\n\n\n\n<h2 class=\"wp-block-heading\">Les courts-m\u00e9trages&nbsp;:<\/h2>\n\n\n\n<p><strong>-* Ilot<\/strong><br>R\u00e9alisation&nbsp;: Nicolas BRAULT | 2001 | 7 min<br>Un voyage au pays des inuits en hiver&#8230; o\u00f9 il est question de poissons qui s\u2019envolent et de baleines qui tombent du ciel&#8230;..<\/p>\n\n\n\n<p><strong>-* Le hibou et le corbeau&nbsp;: une l\u00e9gende eskimo<\/strong><br>R\u00e9alisation&nbsp;: Co.Hoedeman | 1972 | 6 min 39<br>Savez-vous qu\u2019il y a tr\u00e8s longtemps, le corbeau tout comme son ami, le Harfang des neiges, \u00e9tait tout blanc&nbsp;? Non&nbsp;? Et bien vous allez savoir pourquoi ils ont chang\u00e9 de couleur&nbsp;!<br>Cette l\u00e9gende inuit a \u00e9t\u00e9 tourn\u00e9e avec des marionnettes et des reproductions d\u2019objets artisanaux traditionnels.<\/p>\n\n\n\n<p><strong>-* Le mariage du hibou&nbsp;: une l\u00e9gende eskimo<\/strong><br>R\u00e9alisation&nbsp;: Caroline LEAF | 1974 | 7 min 38<br>Il \u00e9tait une fois un pauvre hibou qui eu la mauvaise id\u00e9e de tomber amoureux d\u2019une oie sauvage. Des oisillons naissent mais quand vient le temps pour les oies d\u2019\u00e9couter la nature qui les appelle \u00e0 la migration, papa hibou ne peut pas suivre sa famille sans risques&#8230;.<\/p>\n\n\n\n<p><strong>-* Le hibou et le lemming&nbsp;: une l\u00e9gende eskimo<\/strong><br>R\u00e9alisation&nbsp;: Co.Hoedeman | 1971 | 5 min 59<br>Ce court-m\u00e9trage d\u2019animation met en sc\u00e8ne un hibou Harfang des neiges, bien d\u00e9cid\u00e9 \u00e0 manger le lemming qu\u2019il a captur\u00e9. Mais quand on est un grand chasseur, on aime les compliments et le lemming saura bien profiter de l\u2019orgueil du Harfang&#8230;<br>Un conte traditionnel dont la conclusion n\u2019est pas tr\u00e8s loin de celle de notre la fable \u00ab\u00a0Le corbeau et le Renard \u00ab\u00a0.<\/p>\n\n\n\n<p>C\u2019est au cours de recherches sur des films traitant de la culture inuit dans la collection de la cin\u00e9math\u00e8que Robert Lynen de Paris que Catherine LE FLOCHMOAN et Christofer BJURSTR\u00d6M ont d\u00e9couvert ces quatre petites p\u00e9pites du cin\u00e9ma d\u2019animation mettant en sc\u00e8ne des animaux confront\u00e9s \u00e0 la vie et \u00e0 ses choix, dans la plus pure tradition inuit.<br>D\u00e8s lors ils ont souhait\u00e9 cr\u00e9er ce nouveau cin\u00e9-concert \u00e0 destination du tr\u00e8s jeune public \u00e0 partir de 2 ans.<\/p>\n\n\n\n<h2 class=\"wp-block-heading\">La Musique<\/h2>\n\n\n\n<p>Une musique l\u00e9g\u00e8re et ludique.<br>La musique de ce cin\u00e9-concert s\u2019appuie d\u00e9licatement sur la voix, les fl\u00fbtes, le piano, et de petits objets sonores, avec de discr\u00e8tes touches de traitement \u00e9lectronique. Souffle du vent, notes de fl\u00fbte, atmosph\u00e8res de petits son a\u00e9riens, rythmes rieurs se m\u00ealent aux chansons inspir\u00e9es des chants inuit et \u00e0 la narration malicieuse. Tout en voyageant dans le grand espace de cette nature glac\u00e9e, avec ses sonorit\u00e9s \u00e9tranges, nous sommes aussi avec plaisir dans le quotidien de ces petits animaux, avec leurs plaisanteries, leur caract\u00e8re, leur po\u00e9sie.<\/p>\n\n\n\n<figure class=\"wp-block-image size-large\"><img loading=\"lazy\" decoding=\"async\" width=\"1024\" height=\"768\" src=\"https:\/\/www.cbjurstrom.eu\/wp-content\/uploads\/2020\/11\/Duo-Catherine-et-Christofer-CCInuit-2-1024x768.jpg\" alt=\"\" class=\"wp-image-865\" srcset=\"https:\/\/www.cbjurstrom.eu\/wp-content\/uploads\/2020\/11\/Duo-Catherine-et-Christofer-CCInuit-2-1024x768.jpg 1024w, https:\/\/www.cbjurstrom.eu\/wp-content\/uploads\/2020\/11\/Duo-Catherine-et-Christofer-CCInuit-2-300x225.jpg 300w, https:\/\/www.cbjurstrom.eu\/wp-content\/uploads\/2020\/11\/Duo-Catherine-et-Christofer-CCInuit-2-768x576.jpg 768w, https:\/\/www.cbjurstrom.eu\/wp-content\/uploads\/2020\/11\/Duo-Catherine-et-Christofer-CCInuit-2-1536x1152.jpg 1536w, https:\/\/www.cbjurstrom.eu\/wp-content\/uploads\/2020\/11\/Duo-Catherine-et-Christofer-CCInuit-2.jpg 2048w\" sizes=\"auto, (max-width: 1024px) 100vw, 1024px\" \/><\/figure>\n\n\n\n<ul class=\"wp-block-list\"><li><strong>Catherine Le Flochmoan<\/strong>&nbsp;: Conte et chant<\/li><li><strong>Christofer Bjurstr\u00f6m<\/strong>&nbsp;: Piano, fl\u00fbtes, composition.<\/li><\/ul>\n\n\n\n<figure class=\"wp-block-image size-large\"><img loading=\"lazy\" decoding=\"async\" width=\"300\" height=\"168\" src=\"https:\/\/www.cbjurstrom.eu\/wp-content\/uploads\/2020\/10\/le_hibou_et_le_lemming.jpg\" alt=\"\" class=\"wp-image-111\"\/><\/figure>\n","protected":false},"excerpt":{"rendered":"<p>Une musique l\u00e9g\u00e8re et ludique, 4 films inuit-canadiens pour les tout-petits, un musicien et une conteuse-chanteuse Musique originale de Christofer Bjurstr\u00f6m, interpr\u00e9t\u00e9e sur sc\u00e8ne par Catherine Le Flochmoan (conte et chant) et Christofer Bjurstr\u00f6m (piano, fl\u00fbtes),pour une s\u00e9lection de courts-m\u00e9trages de Nicolas Brault, Caroline Leaf et Co.Hoedeman Cine-Concert Inuit pour petites chouettes from Christofer Bjurstr\u00f6m&hellip;&nbsp;<\/p>\n","protected":false},"author":1,"featured_media":919,"parent":0,"menu_order":0,"comment_status":"closed","ping_status":"closed","template":"","meta":{"neve_meta_sidebar":"","neve_meta_container":"","neve_meta_enable_content_width":"","neve_meta_content_width":0,"neve_meta_title_alignment":"","neve_meta_author_avatar":"","neve_post_elements_order":"","neve_meta_disable_header":"","neve_meta_disable_footer":"","neve_meta_disable_title":"","footnotes":""},"class_list":["post-392","page","type-page","status-publish","has-post-thumbnail","hentry"],"_links":{"self":[{"href":"https:\/\/www.cbjurstrom.eu\/index.php\/wp-json\/wp\/v2\/pages\/392","targetHints":{"allow":["GET"]}}],"collection":[{"href":"https:\/\/www.cbjurstrom.eu\/index.php\/wp-json\/wp\/v2\/pages"}],"about":[{"href":"https:\/\/www.cbjurstrom.eu\/index.php\/wp-json\/wp\/v2\/types\/page"}],"author":[{"embeddable":true,"href":"https:\/\/www.cbjurstrom.eu\/index.php\/wp-json\/wp\/v2\/users\/1"}],"replies":[{"embeddable":true,"href":"https:\/\/www.cbjurstrom.eu\/index.php\/wp-json\/wp\/v2\/comments?post=392"}],"version-history":[{"count":2,"href":"https:\/\/www.cbjurstrom.eu\/index.php\/wp-json\/wp\/v2\/pages\/392\/revisions"}],"predecessor-version":[{"id":867,"href":"https:\/\/www.cbjurstrom.eu\/index.php\/wp-json\/wp\/v2\/pages\/392\/revisions\/867"}],"wp:featuredmedia":[{"embeddable":true,"href":"https:\/\/www.cbjurstrom.eu\/index.php\/wp-json\/wp\/v2\/media\/919"}],"wp:attachment":[{"href":"https:\/\/www.cbjurstrom.eu\/index.php\/wp-json\/wp\/v2\/media?parent=392"}],"curies":[{"name":"wp","href":"https:\/\/api.w.org\/{rel}","templated":true}]}}