{"id":38,"date":"2020-10-16T17:58:47","date_gmt":"2020-10-16T15:58:47","guid":{"rendered":"http:\/\/cbjurstrom.eu\/cbj\/?page_id=38"},"modified":"2025-09-11T16:47:14","modified_gmt":"2025-09-11T14:47:14","slug":"rencontres-musicales","status":"publish","type":"page","link":"https:\/\/www.cbjurstrom.eu\/index.php\/rencontres-musicales\/","title":{"rendered":"Rencontres Musicales"},"content":{"rendered":"\n<p>Rencontrer d&rsquo;autres musiciens le temps d&rsquo;un instant\u2026\u2026<br>Parfois magiques, ces rencontres avec d&rsquo;autres musiciens sont fondamentales. C&rsquo;est ce qui nous fait na\u00eetre des envies, \u00e9clore des id\u00e9es, remettre en question notre pratique.<\/p>\n\n\n\n<p>Ces rencontres peuvent avoir lieu dans le cadre de dispositifs comme l&rsquo;ARCH, ou \u00e9clore spontan\u00e9ment.<\/p>\n\n\n\n<p><a rel=\"noreferrer noopener\" href=\"http:\/\/www.kubweb.media\/page\/helene-labarriere-arch-1\/\" target=\"_blank\">H\u00e9l\u00e8ne Labarri\u00e8re<\/a> , C\u00e9line Rivoal et Vincent Raude (Atlantique Jazz Festival, 2016, dans le cadre de l&rsquo;Arch)<\/p>\n\n\n\n<p>Les musiciens am\u00e9ricains pr\u00e9sents au Festival Atlantique Jazz<\/p>\n\n\n\n<p>Matt Bauder (Atlantique Jazz Festival, 2014, dans le cadre de l&rsquo;Arch)<br><br>Famadou Don Moye (Atlantique Jazz Festival, 2015, dans le cadre de l&rsquo;Arch)<\/p>\n\n\n\n<figure class=\"wp-block-image size-large\"><img loading=\"lazy\" decoding=\"async\" width=\"810\" height=\"539\" src=\"https:\/\/cbjurstrom.eu\/cbj\/wp-content\/uploads\/2020\/10\/bjurstrombauderG.jpg\" alt=\"\" class=\"wp-image-70\" srcset=\"https:\/\/www.cbjurstrom.eu\/wp-content\/uploads\/2020\/10\/bjurstrombauderG.jpg 810w, https:\/\/www.cbjurstrom.eu\/wp-content\/uploads\/2020\/10\/bjurstrombauderG-300x200.jpg 300w, https:\/\/www.cbjurstrom.eu\/wp-content\/uploads\/2020\/10\/bjurstrombauderG-768x511.jpg 768w, https:\/\/www.cbjurstrom.eu\/wp-content\/uploads\/2020\/10\/bjurstrombauderG-360x240.jpg 360w\" sizes=\"auto, (max-width: 810px) 100vw, 810px\" \/><figcaption>Matt Bauder et Christofer Bjurstr\u00f6m<\/figcaption><\/figure>\n","protected":false},"excerpt":{"rendered":"<p>Rencontrer d&rsquo;autres musiciens le temps d&rsquo;un instant\u2026\u2026Parfois magiques, ces rencontres avec d&rsquo;autres musiciens sont fondamentales. C&rsquo;est ce qui nous fait na\u00eetre des envies, \u00e9clore des id\u00e9es, remettre en question notre pratique. Ces rencontres peuvent avoir lieu dans le cadre de dispositifs comme l&rsquo;ARCH, ou \u00e9clore spontan\u00e9ment. H\u00e9l\u00e8ne Labarri\u00e8re , C\u00e9line Rivoal et Vincent Raude (Atlantique&hellip;&nbsp;<\/p>\n","protected":false},"author":1,"featured_media":10685,"parent":0,"menu_order":0,"comment_status":"closed","ping_status":"closed","template":"","meta":{"neve_meta_sidebar":"","neve_meta_container":"","neve_meta_enable_content_width":"","neve_meta_content_width":0,"neve_meta_title_alignment":"","neve_meta_author_avatar":"","neve_post_elements_order":"","neve_meta_disable_header":"","neve_meta_disable_footer":"","neve_meta_disable_title":"","footnotes":""},"class_list":["post-38","page","type-page","status-publish","has-post-thumbnail","hentry"],"_links":{"self":[{"href":"https:\/\/www.cbjurstrom.eu\/index.php\/wp-json\/wp\/v2\/pages\/38","targetHints":{"allow":["GET"]}}],"collection":[{"href":"https:\/\/www.cbjurstrom.eu\/index.php\/wp-json\/wp\/v2\/pages"}],"about":[{"href":"https:\/\/www.cbjurstrom.eu\/index.php\/wp-json\/wp\/v2\/types\/page"}],"author":[{"embeddable":true,"href":"https:\/\/www.cbjurstrom.eu\/index.php\/wp-json\/wp\/v2\/users\/1"}],"replies":[{"embeddable":true,"href":"https:\/\/www.cbjurstrom.eu\/index.php\/wp-json\/wp\/v2\/comments?post=38"}],"version-history":[{"count":3,"href":"https:\/\/www.cbjurstrom.eu\/index.php\/wp-json\/wp\/v2\/pages\/38\/revisions"}],"predecessor-version":[{"id":696,"href":"https:\/\/www.cbjurstrom.eu\/index.php\/wp-json\/wp\/v2\/pages\/38\/revisions\/696"}],"wp:featuredmedia":[{"embeddable":true,"href":"https:\/\/www.cbjurstrom.eu\/index.php\/wp-json\/wp\/v2\/media\/10685"}],"wp:attachment":[{"href":"https:\/\/www.cbjurstrom.eu\/index.php\/wp-json\/wp\/v2\/media?parent=38"}],"curies":[{"name":"wp","href":"https:\/\/api.w.org\/{rel}","templated":true}]}}