{"id":356,"date":"2020-10-21T16:46:05","date_gmt":"2020-10-21T14:46:05","guid":{"rendered":"https:\/\/cbjurstrom.eu\/cbj\/?page_id=356"},"modified":"2020-12-05T17:59:49","modified_gmt":"2020-12-05T16:59:49","slug":"films-daventure","status":"publish","type":"page","link":"https:\/\/www.cbjurstrom.eu\/index.php\/films-daventure\/","title":{"rendered":"Films d&rsquo;Aventure"},"content":{"rendered":"\n<h3 class=\"wp-block-heading\">Qui dit \u00ab\u00a0Aventure\u00a0\u00bb dans le cin\u00e9ma muet, pense imm\u00e9diatement \u00e0 Douglas Fairbanks. Nous proposons deux films de ce personnage d&rsquo;aventurier au grand coeur.<\/h3>\n\n\n\n<div class=\"wp-block-media-text alignwide is-stacked-on-mobile\"><figure class=\"wp-block-media-text__media\"><a href=\"https:\/\/www.cbjurstrom.eu\/index.php\/le-voleur-de-bagdad\/\" target=\"_blank\" rel=\"noopener noreferrer\"><img loading=\"lazy\" decoding=\"async\" width=\"600\" height=\"450\" src=\"https:\/\/www.cbjurstrom.eu\/wp-content\/uploads\/2020\/10\/vdb-cheval-aile-piano-alto.jpg\" alt=\"\" class=\"wp-image-359\" srcset=\"https:\/\/www.cbjurstrom.eu\/wp-content\/uploads\/2020\/10\/vdb-cheval-aile-piano-alto.jpg 600w, https:\/\/www.cbjurstrom.eu\/wp-content\/uploads\/2020\/10\/vdb-cheval-aile-piano-alto-300x225.jpg 300w\" sizes=\"auto, (max-width: 600px) 100vw, 600px\" \/><\/a><\/figure><div class=\"wp-block-media-text__content\">\n<p class=\"has-large-font-size\"><a href=\"https:\/\/www.cbjurstrom.eu\/index.php\/le-voleur-de-bagdad\/\" target=\"_blank\" rel=\"noreferrer noopener\">Le Voleur de Bagdad<\/a><\/p>\n\n\n\n<p>le magnifique film de Raoul Walsh (1924)<\/p>\n<\/div><\/div>\n\n\n\n<div class=\"wp-block-media-text alignwide is-stacked-on-mobile\"><figure class=\"wp-block-media-text__media\"><a href=\"https:\/\/www.cbjurstrom.eu\/index.php\/le-pirate-noir\/\" target=\"_blank\" rel=\"noopener noreferrer\"><img loading=\"lazy\" decoding=\"async\" width=\"1000\" height=\"802\" src=\"https:\/\/www.cbjurstrom.eu\/wp-content\/uploads\/2020\/10\/pirate_princesse_heros.jpg\" alt=\"\" class=\"wp-image-139\" srcset=\"https:\/\/www.cbjurstrom.eu\/wp-content\/uploads\/2020\/10\/pirate_princesse_heros.jpg 1000w, https:\/\/www.cbjurstrom.eu\/wp-content\/uploads\/2020\/10\/pirate_princesse_heros-300x241.jpg 300w, https:\/\/www.cbjurstrom.eu\/wp-content\/uploads\/2020\/10\/pirate_princesse_heros-768x616.jpg 768w\" sizes=\"auto, (max-width: 1000px) 100vw, 1000px\" \/><\/a><\/figure><div class=\"wp-block-media-text__content\">\n<p class=\"has-large-font-size\"><a rel=\"noreferrer noopener\" href=\"https:\/\/www.cbjurstrom.eu\/index.php\/le-pirate-noir\/\" target=\"_blank\">Le Pirate Noir<\/a><\/p>\n\n\n\n<p>Pour le coup, de l&rsquo;aventure sur les mers, avec enl\u00e8vement de Princesse, abordage, combats sanguinaires&#8230;.<\/p>\n<\/div><\/div>\n","protected":false},"excerpt":{"rendered":"<p>Qui dit \u00ab\u00a0Aventure\u00a0\u00bb dans le cin\u00e9ma muet, pense imm\u00e9diatement \u00e0 Douglas Fairbanks. Nous proposons deux films de ce personnage d&rsquo;aventurier au grand coeur. Le Voleur de Bagdad le magnifique film de Raoul Walsh (1924) Le Pirate Noir Pour le coup, de l&rsquo;aventure sur les mers, avec enl\u00e8vement de Princesse, abordage, combats sanguinaires&#8230;.<\/p>\n","protected":false},"author":1,"featured_media":642,"parent":0,"menu_order":0,"comment_status":"closed","ping_status":"closed","template":"","meta":{"neve_meta_sidebar":"","neve_meta_container":"","neve_meta_enable_content_width":"","neve_meta_content_width":0,"neve_meta_title_alignment":"","neve_meta_author_avatar":"","neve_post_elements_order":"","neve_meta_disable_header":"","neve_meta_disable_footer":"","neve_meta_disable_title":"","footnotes":""},"class_list":["post-356","page","type-page","status-publish","has-post-thumbnail","hentry"],"_links":{"self":[{"href":"https:\/\/www.cbjurstrom.eu\/index.php\/wp-json\/wp\/v2\/pages\/356","targetHints":{"allow":["GET"]}}],"collection":[{"href":"https:\/\/www.cbjurstrom.eu\/index.php\/wp-json\/wp\/v2\/pages"}],"about":[{"href":"https:\/\/www.cbjurstrom.eu\/index.php\/wp-json\/wp\/v2\/types\/page"}],"author":[{"embeddable":true,"href":"https:\/\/www.cbjurstrom.eu\/index.php\/wp-json\/wp\/v2\/users\/1"}],"replies":[{"embeddable":true,"href":"https:\/\/www.cbjurstrom.eu\/index.php\/wp-json\/wp\/v2\/comments?post=356"}],"version-history":[{"count":3,"href":"https:\/\/www.cbjurstrom.eu\/index.php\/wp-json\/wp\/v2\/pages\/356\/revisions"}],"predecessor-version":[{"id":1024,"href":"https:\/\/www.cbjurstrom.eu\/index.php\/wp-json\/wp\/v2\/pages\/356\/revisions\/1024"}],"wp:featuredmedia":[{"embeddable":true,"href":"https:\/\/www.cbjurstrom.eu\/index.php\/wp-json\/wp\/v2\/media\/642"}],"wp:attachment":[{"href":"https:\/\/www.cbjurstrom.eu\/index.php\/wp-json\/wp\/v2\/media?parent=356"}],"curies":[{"name":"wp","href":"https:\/\/api.w.org\/{rel}","templated":true}]}}