{"id":331,"date":"2020-10-20T18:58:43","date_gmt":"2020-10-20T16:58:43","guid":{"rendered":"https:\/\/cbjurstrom.eu\/cbj\/?page_id=331"},"modified":"2024-11-19T16:20:46","modified_gmt":"2024-11-19T15:20:46","slug":"chaplin-charlot-festival","status":"publish","type":"page","link":"https:\/\/www.cbjurstrom.eu\/index.php\/chaplin-charlot-festival\/","title":{"rendered":"Chaplin: Charlot Festival"},"content":{"rendered":"\n<div class=\"wp-block-media-text alignwide is-stacked-on-mobile\"><figure class=\"wp-block-media-text__media\"><img loading=\"lazy\" decoding=\"async\" width=\"400\" height=\"232\" src=\"https:\/\/cbjurstrom.eu\/cbj\/wp-content\/uploads\/2020\/10\/Charlot.jpg\" alt=\"\" class=\"wp-image-332 size-full\" srcset=\"https:\/\/www.cbjurstrom.eu\/wp-content\/uploads\/2020\/10\/Charlot.jpg 400w, https:\/\/www.cbjurstrom.eu\/wp-content\/uploads\/2020\/10\/Charlot-300x174.jpg 300w\" sizes=\"auto, (max-width: 400px) 100vw, 400px\" \/><\/figure><div class=\"wp-block-media-text__content\">\n<p>Cin\u00e9-Concert CHARLOT FESTIVAL, des films de C. Chaplin (1916-1917)<br>Musique originale de Christofer BJURSTR\u00d6M<\/p>\n\n\n\n<p>En 1914, il y a un tout petit peu plus de 100 ans, apparaissait le personnage de Charlot sur les \u00e9crans de cin\u00e9ma ! Il est n\u00e9 affubl\u00e9 d\u2019une moustache et d\u2019un chapeau rond, d\u2019une veste \u00e9triqu\u00e9e sur un pantalon trop large et de longs souliers aplatis. Ce programme qui rend hommage au plus c\u00e9l\u00e8bre des vagabonds se compose de 3 courts-m\u00e9trages de Charles Chaplin tourn\u00e9s pour la Mutual Film Corporation et r\u00e9cemment restaur\u00e9s par la Cin\u00e9math\u00e8que de Bologne et Lobster Films.<\/p>\n\n\n\n<p><strong>tout public \u00e0 partir de 6 ans<br>Dur\u00e9e&nbsp;: 1 h 00<br>format&nbsp;: DCP (Blue Ray possible)<\/strong><\/p>\n\n\n\n<p>Ce film b\u00e9n\u00e9ficie du dispositif ADRC<\/p>\n<\/div><\/div>\n\n\n\n<ul class=\"wp-block-list\">\n<li><strong>Charlot patine (The Rink)<\/strong><br>Serveur catastrophique dans un grand restaurant, Charlot est un virtuose du patin \u00e0 roulettes, capable de faire tomber plusieurs personnes d\u2019un coup quand cela s\u2019av\u00e8re n\u00e9cessaire.)<\/li>\n\n\n\n<li><strong>Charlot policeman (Easy street)<\/strong><br>Apr\u00e8s avoir assist\u00e9 \u00e0 une op\u00e9ration de sauvetage dans le quartier mal fam\u00e9 d\u2019Easy street, o\u00f9 un policier succombe toutes les heures, Charlot a le culot de s\u2019engager&#8230;<\/li>\n\n\n\n<li><strong>L\u2019\u00e9migrant (The immigrant)<\/strong><br>A bord d\u2019un paquebot pour l\u2019Am\u00e9rique, Charlot rencontre une jeune fille qui \u00e9migre comme lui. Il la retrouve plus tard, dans un restaurant o\u00f9 il est entr\u00e9 sans un sou.<\/li>\n<\/ul>\n\n\n\n<div class=\"wp-block-media-text alignwide has-media-on-the-right is-stacked-on-mobile\"><div class=\"wp-block-media-text__content\">\n<p><strong>La tendresse et les fac\u00e9ties<\/strong><\/p>\n\n\n\n<h6 class=\"wp-block-heading\" id=\"pour-ces-trois-films-de-charlie-chaplin-deux-versions-sensiblement-differentes-se-sont-imposees-soit-la-simplicite-du-piano-solo-soit-la-complementarite-du-duo-violoncelle-piano-pour-une-musique-epousant-les-mouvements-et-l-humeur-variable-de-ces-miniatures-une-musique-melodique-sensuelle-rythmee-pour-se-fondre-dans-l-humour-les-faceties-et-la-tendresse-de-chaplin\">Pour ces trois films de Charlie Chaplin, deux versions sensiblement diff\u00e9rentes se sont impos\u00e9es. Soit la simplicit\u00e9 du piano solo, soit la compl\u00e9mentarit\u00e9 du duo violoncelle piano, pour une musique \u00e9pousant les mouvements et l\u2019humeur variable de ces miniatures. Une musique m\u00e9lodique, sensuelle, rythm\u00e9e pour se fondre dans l\u2019humour, les fac\u00e9ties et la tendresse de Chaplin.<\/h6>\n\n\n\n<p>Deux versions&nbsp;:<\/p>\n\n\n\n<ul class=\"wp-block-list\">\n<li>Piano Solo\n<ul class=\"wp-block-list\">\n<li><strong>Christofer Bjurstr\u00f6m <\/strong>, piano<\/li>\n<\/ul>\n<\/li>\n\n\n\n<li>Duo Violoncelle\/Piano\n<ul class=\"wp-block-list\">\n<li><strong>Agn\u00e8s Vesterman<\/strong>, violoncelle<\/li>\n\n\n\n<li><strong>Christofer Bjurstr\u00f6m <\/strong>, piano<\/li>\n<\/ul>\n<\/li>\n<\/ul>\n\n\n\n<p><\/p>\n<\/div><figure class=\"wp-block-media-text__media\"><img loading=\"lazy\" decoding=\"async\" width=\"1024\" height=\"764\" src=\"https:\/\/cbjurstrom.eu\/cbj\/wp-content\/uploads\/2020\/10\/charlot-festival-1024x764.jpg\" alt=\"\" class=\"wp-image-333 size-full\" srcset=\"https:\/\/www.cbjurstrom.eu\/wp-content\/uploads\/2020\/10\/charlot-festival-1024x764.jpg 1024w, https:\/\/www.cbjurstrom.eu\/wp-content\/uploads\/2020\/10\/charlot-festival-300x224.jpg 300w, https:\/\/www.cbjurstrom.eu\/wp-content\/uploads\/2020\/10\/charlot-festival-768x573.jpg 768w, https:\/\/www.cbjurstrom.eu\/wp-content\/uploads\/2020\/10\/charlot-festival.jpg 1200w\" sizes=\"auto, (max-width: 1024px) 100vw, 1024px\" \/><\/figure><\/div>\n\n\n\n<div class=\"wp-block-columns alignwide is-layout-flex wp-container-core-columns-is-layout-9d6595d7 wp-block-columns-is-layout-flex\">\n<div class=\"wp-block-column is-layout-flow wp-block-column-is-layout-flow\">\n<figure class=\"wp-block-embed is-type-video is-provider-youtube wp-block-embed-youtube wp-embed-aspect-16-9 wp-has-aspect-ratio\"><div class=\"wp-block-embed__wrapper\">\n<div class=\"nv-iframe-embed\"><iframe loading=\"lazy\" title=\"Extrait Cin\u00e9-Concert Charlot Emigrant Duo\" width=\"1200\" height=\"675\" src=\"https:\/\/www.youtube.com\/embed\/-o--dFfP0hc?feature=oembed\" frameborder=\"0\" allow=\"accelerometer; autoplay; clipboard-write; encrypted-media; gyroscope; picture-in-picture; web-share\" referrerpolicy=\"strict-origin-when-cross-origin\" allowfullscreen><\/iframe><\/div>\n<\/div><figcaption class=\"wp-element-caption\">Extrait de L&rsquo;Emigrant ; Violoncelle et piano<\/figcaption><\/figure>\n<\/div>\n\n\n\n<div class=\"wp-block-column is-layout-flow wp-block-column-is-layout-flow\">\n<figure class=\"wp-block-embed is-type-video is-provider-youtube wp-block-embed-youtube wp-embed-aspect-16-9 wp-has-aspect-ratio\"><div class=\"wp-block-embed__wrapper\">\n<div class=\"nv-iframe-embed\"><iframe loading=\"lazy\" title=\"Chaplin: Easy Street\" width=\"1200\" height=\"675\" src=\"https:\/\/www.youtube.com\/embed\/_sMGiLGXhig?feature=oembed\" frameborder=\"0\" allow=\"accelerometer; autoplay; clipboard-write; encrypted-media; gyroscope; picture-in-picture; web-share\" referrerpolicy=\"strict-origin-when-cross-origin\" allowfullscreen><\/iframe><\/div>\n<\/div><figcaption class=\"wp-element-caption\">Extrait de \u00ab\u00a0Easy Street\u00a0\u00bb: piano solo<\/figcaption><\/figure>\n<\/div>\n<\/div>\n","protected":false},"excerpt":{"rendered":"<p>Cin\u00e9-Concert CHARLOT FESTIVAL, des films de C. Chaplin (1916-1917)Musique originale de Christofer BJURSTR\u00d6M En 1914, il y a un tout petit peu plus de 100 ans, apparaissait le personnage de Charlot sur les \u00e9crans de cin\u00e9ma ! Il est n\u00e9 affubl\u00e9 d\u2019une moustache et d\u2019un chapeau rond, d\u2019une veste \u00e9triqu\u00e9e sur un pantalon trop large&hellip;&nbsp;<\/p>\n","protected":false},"author":1,"featured_media":634,"parent":0,"menu_order":0,"comment_status":"closed","ping_status":"closed","template":"","meta":{"neve_meta_sidebar":"","neve_meta_container":"","neve_meta_enable_content_width":"","neve_meta_content_width":0,"neve_meta_title_alignment":"","neve_meta_author_avatar":"","neve_post_elements_order":"","neve_meta_disable_header":"","neve_meta_disable_footer":"","neve_meta_disable_title":"","footnotes":""},"class_list":["post-331","page","type-page","status-publish","has-post-thumbnail","hentry"],"_links":{"self":[{"href":"https:\/\/www.cbjurstrom.eu\/index.php\/wp-json\/wp\/v2\/pages\/331","targetHints":{"allow":["GET"]}}],"collection":[{"href":"https:\/\/www.cbjurstrom.eu\/index.php\/wp-json\/wp\/v2\/pages"}],"about":[{"href":"https:\/\/www.cbjurstrom.eu\/index.php\/wp-json\/wp\/v2\/types\/page"}],"author":[{"embeddable":true,"href":"https:\/\/www.cbjurstrom.eu\/index.php\/wp-json\/wp\/v2\/users\/1"}],"replies":[{"embeddable":true,"href":"https:\/\/www.cbjurstrom.eu\/index.php\/wp-json\/wp\/v2\/comments?post=331"}],"version-history":[{"count":6,"href":"https:\/\/www.cbjurstrom.eu\/index.php\/wp-json\/wp\/v2\/pages\/331\/revisions"}],"predecessor-version":[{"id":11152,"href":"https:\/\/www.cbjurstrom.eu\/index.php\/wp-json\/wp\/v2\/pages\/331\/revisions\/11152"}],"wp:featuredmedia":[{"embeddable":true,"href":"https:\/\/www.cbjurstrom.eu\/index.php\/wp-json\/wp\/v2\/media\/634"}],"wp:attachment":[{"href":"https:\/\/www.cbjurstrom.eu\/index.php\/wp-json\/wp\/v2\/media?parent=331"}],"curies":[{"name":"wp","href":"https:\/\/api.w.org\/{rel}","templated":true}]}}