{"id":33,"date":"2020-10-16T17:51:58","date_gmt":"2020-10-16T15:51:58","guid":{"rendered":"http:\/\/cbjurstrom.eu\/cbj\/?page_id=33"},"modified":"2025-09-11T16:43:10","modified_gmt":"2025-09-11T14:43:10","slug":"duo-agnes-vesterman-christofer-bjurstrom","status":"publish","type":"page","link":"https:\/\/www.cbjurstrom.eu\/index.php\/duo-agnes-vesterman-christofer-bjurstrom\/","title":{"rendered":"Duo Agnes Vesterman\/ Christofer Bjurstr\u00f6m"},"content":{"rendered":"\n<p><div class=\"nv-iframe-embed\"><iframe loading=\"lazy\" title=\"Musiques de l&#039;Instant - 10 - Agn\u00e8s Vesterman \/ Christofer Bjurstr\u00f6m\" width=\"1200\" height=\"675\" src=\"https:\/\/www.youtube.com\/embed\/t6Pgmrjn6uI?feature=oembed\" frameborder=\"0\" allow=\"accelerometer; autoplay; clipboard-write; encrypted-media; gyroscope; picture-in-picture; web-share\" referrerpolicy=\"strict-origin-when-cross-origin\" allowfullscreen><\/iframe><\/div><\/p>\n\n\n\n<p>Agn\u00e8s Vesterman et Christofer Bjurstr\u00f6m travaillent ensemble en duo depuis 2016, apr\u00e8s de multiples collaborations (Bjurstr\u00f6m Quartet: Ookpik, spectacle \u00ab\u00a0J&rsquo;ai tant aim\u00e9 ce monde\u00a0\u00bb, spectacles avec Vincent Vedovelli autour de ses textes, ou autour de textes de Leo Ferr\u00e9).<\/p>\n\n\n\n<p>Malgr\u00e9 des parcours assez diff\u00e9rents (les explorations \u00e9clectiques, le jazz et les musiques improvis\u00e9es pour Christofer, un parcours de musicienne classique et contemporaine pour Agn\u00e8s :Julliard Schoool, Quatuor Arpeggione, mais aussi des duos avec Garth Knox, Anja Lechner, Ga\u00ebl Mevel), la collaboration d&rsquo;Agn\u00e8s et Christofer a tr\u00e8s vite pris le sens d&rsquo;une \u00e9vidence.<\/p>\n\n\n\n<p>Ils partagent un go\u00fbt pour l&rsquo;exploration sonore, les palettes sonores allant du minimalisme au lyrisme, du bruitisme \u00e0 la m\u00e9lodie. Leur musique joue sur les atmosph\u00e8res, passant de l&rsquo;\u00e9criture \u00e0 l&rsquo;improvisation de mani\u00e8re libre et sensible. Ensemble, ils d\u00e9ploient un univers qui, par la formation m\u00eame, pourrait renvoyer \u00e0 la musique de chambre classique, mais qui prend des couleurs de rythmes du monde et de sonorit\u00e9s contemporaines pour finalement livrer une musique particuli\u00e8re, surprenante.<\/p>\n\n\n\n<figure class=\"wp-block-audio\"><audio controls src=\"https:\/\/www.cbjurstrom.eu\/wp-content\/uploads\/2-Intervalle-2.mp3\"><\/audio><figcaption class=\"wp-element-caption\">Intervalle<\/figcaption><\/figure>\n\n\n\n<figure class=\"wp-block-audio\"><audio controls src=\"https:\/\/www.cbjurstrom.eu\/wp-content\/uploads\/4-Roue-libre-2.mp3\"><\/audio><figcaption class=\"wp-element-caption\">Roue libre<\/figcaption><\/figure>\n\n\n\n<figure class=\"wp-block-audio\"><audio controls src=\"https:\/\/www.cbjurstrom.eu\/wp-content\/uploads\/9-Miroir.mp3\"><\/audio><figcaption class=\"wp-element-caption\">Miroir<\/figcaption><\/figure>\n\n\n\n<figure class=\"wp-block-audio\"><audio controls src=\"https:\/\/www.cbjurstrom.eu\/wp-content\/uploads\/11-Vertige-2.mp3\"><\/audio><figcaption class=\"wp-element-caption\">Vertige<\/figcaption><\/figure>\n\n\n\n<figure class=\"wp-block-embed is-type-video is-provider-youtube wp-block-embed-youtube wp-embed-aspect-16-9 wp-has-aspect-ratio\"><div class=\"wp-block-embed__wrapper\">\n<div class=\"nv-iframe-embed\"><iframe loading=\"lazy\" title=\"Musiques de l&#039;Instant - 11 - Agn\u00e8s Vesterman \/ Christofer Bjurstr\u00f6m\" width=\"1200\" height=\"675\" src=\"https:\/\/www.youtube.com\/embed\/lJP6xupXBQc?feature=oembed\" frameborder=\"0\" allow=\"accelerometer; autoplay; clipboard-write; encrypted-media; gyroscope; picture-in-picture; web-share\" referrerpolicy=\"strict-origin-when-cross-origin\" allowfullscreen><\/iframe><\/div>\n<\/div><\/figure>\n","protected":false},"excerpt":{"rendered":"<p>Agn\u00e8s Vesterman et Christofer Bjurstr\u00f6m travaillent ensemble en duo depuis 2016, apr\u00e8s de multiples collaborations (Bjurstr\u00f6m Quartet: Ookpik, spectacle \u00ab\u00a0J&rsquo;ai tant aim\u00e9 ce monde\u00a0\u00bb, spectacles avec Vincent Vedovelli autour de ses textes, ou autour de textes de Leo Ferr\u00e9). Malgr\u00e9 des parcours assez diff\u00e9rents (les explorations \u00e9clectiques, le jazz et les musiques improvis\u00e9es pour Christofer,&hellip;&nbsp;<\/p>\n","protected":false},"author":1,"featured_media":672,"parent":0,"menu_order":0,"comment_status":"closed","ping_status":"closed","template":"","meta":{"neve_meta_sidebar":"","neve_meta_container":"","neve_meta_enable_content_width":"","neve_meta_content_width":0,"neve_meta_title_alignment":"","neve_meta_author_avatar":"","neve_post_elements_order":"","neve_meta_disable_header":"","neve_meta_disable_footer":"","neve_meta_disable_title":"","footnotes":""},"class_list":["post-33","page","type-page","status-publish","has-post-thumbnail","hentry"],"_links":{"self":[{"href":"https:\/\/www.cbjurstrom.eu\/index.php\/wp-json\/wp\/v2\/pages\/33","targetHints":{"allow":["GET"]}}],"collection":[{"href":"https:\/\/www.cbjurstrom.eu\/index.php\/wp-json\/wp\/v2\/pages"}],"about":[{"href":"https:\/\/www.cbjurstrom.eu\/index.php\/wp-json\/wp\/v2\/types\/page"}],"author":[{"embeddable":true,"href":"https:\/\/www.cbjurstrom.eu\/index.php\/wp-json\/wp\/v2\/users\/1"}],"replies":[{"embeddable":true,"href":"https:\/\/www.cbjurstrom.eu\/index.php\/wp-json\/wp\/v2\/comments?post=33"}],"version-history":[{"count":7,"href":"https:\/\/www.cbjurstrom.eu\/index.php\/wp-json\/wp\/v2\/pages\/33\/revisions"}],"predecessor-version":[{"id":10879,"href":"https:\/\/www.cbjurstrom.eu\/index.php\/wp-json\/wp\/v2\/pages\/33\/revisions\/10879"}],"wp:featuredmedia":[{"embeddable":true,"href":"https:\/\/www.cbjurstrom.eu\/index.php\/wp-json\/wp\/v2\/media\/672"}],"wp:attachment":[{"href":"https:\/\/www.cbjurstrom.eu\/index.php\/wp-json\/wp\/v2\/media?parent=33"}],"curies":[{"name":"wp","href":"https:\/\/api.w.org\/{rel}","templated":true}]}}