{"id":309,"date":"2020-10-20T18:18:19","date_gmt":"2020-10-20T16:18:19","guid":{"rendered":"https:\/\/cbjurstrom.eu\/cbj\/?page_id=309"},"modified":"2023-05-11T11:55:01","modified_gmt":"2023-05-11T09:55:01","slug":"speedy-en-vitesse","status":"publish","type":"page","link":"https:\/\/www.cbjurstrom.eu\/index.php\/speedy-en-vitesse\/","title":{"rendered":"Speedy (En Vitesse)"},"content":{"rendered":"\n<div class=\"wp-block-media-text alignwide is-stacked-on-mobile\"><figure class=\"wp-block-media-text__media\"><img loading=\"lazy\" decoding=\"async\" width=\"1024\" height=\"796\" src=\"https:\/\/www.cbjurstrom.eu\/wp-content\/uploads\/2021\/01\/Speedy-tunnel-ride-0079-1024x796.jpg\" alt=\"\" class=\"wp-image-1083 size-full\" srcset=\"https:\/\/www.cbjurstrom.eu\/wp-content\/uploads\/2021\/01\/Speedy-tunnel-ride-0079-1024x796.jpg 1024w, https:\/\/www.cbjurstrom.eu\/wp-content\/uploads\/2021\/01\/Speedy-tunnel-ride-0079-300x233.jpg 300w, https:\/\/www.cbjurstrom.eu\/wp-content\/uploads\/2021\/01\/Speedy-tunnel-ride-0079-768x597.jpg 768w, https:\/\/www.cbjurstrom.eu\/wp-content\/uploads\/2021\/01\/Speedy-tunnel-ride-0079-1536x1194.jpg 1536w, https:\/\/www.cbjurstrom.eu\/wp-content\/uploads\/2021\/01\/Speedy-tunnel-ride-0079-2048x1593.jpg 2048w\" sizes=\"auto, (max-width: 1024px) 100vw, 1024px\" \/><\/figure><div class=\"wp-block-media-text__content\">\n<p><strong>Un film de Ted Wilde et Harold lloyd &#8211; USA &#8211; 1928<\/strong><br><strong>Musique originale de Christofer BJURSTR\u00d6M<\/strong><\/p>\n\n\n\n<p>Harold Lloyd, un personnage qui vous veut du bien&nbsp;!&nbsp;:<\/p>\n\n\n\n<p>Harold est un gar\u00e7on incapable de conserver bien longtemps le m\u00eame travail. Qu\u2019il s\u2019agisse d\u2019\u00eatre serveur chez un glacier ou chauffeur de taxi, il se laisse sans cesse d\u00e9vorer par sa passion du base-ball et se retrouve \u00e0 jouer les dilettantes aux frais de son patron. Il a pour ami le vieux conducteur d\u2019un omnibus, dont une grosse compagnie veut s\u2019arroger la concession \u00e0 bas prix. Quitte \u00e0 utiliser les moyens les plus mesquins. Un jour, le tramway est d\u00e9tourn\u00e9 et Harold se lance \u00e0 sa poursuite&#8230;.<\/p>\n\n\n\n<p><\/p>\n<\/div><\/div>\n\n\n\n<div class=\"wp-block-media-text alignwide is-stacked-on-mobile\"><figure class=\"wp-block-media-text__media\"><img loading=\"lazy\" decoding=\"async\" width=\"1024\" height=\"796\" src=\"https:\/\/www.cbjurstrom.eu\/wp-content\/uploads\/2021\/01\/en-vitesse-1-1024x796.jpg\" alt=\"\" class=\"wp-image-1080 size-full\" srcset=\"https:\/\/www.cbjurstrom.eu\/wp-content\/uploads\/2021\/01\/en-vitesse-1-1024x796.jpg 1024w, https:\/\/www.cbjurstrom.eu\/wp-content\/uploads\/2021\/01\/en-vitesse-1-300x233.jpg 300w, https:\/\/www.cbjurstrom.eu\/wp-content\/uploads\/2021\/01\/en-vitesse-1-768x597.jpg 768w, https:\/\/www.cbjurstrom.eu\/wp-content\/uploads\/2021\/01\/en-vitesse-1-1536x1194.jpg 1536w, https:\/\/www.cbjurstrom.eu\/wp-content\/uploads\/2021\/01\/en-vitesse-1-2048x1592.jpg 2048w\" sizes=\"auto, (max-width: 1024px) 100vw, 1024px\" \/><\/figure><div class=\"wp-block-media-text__content\">\n<p><strong>UN FILM A TOUTE VITESSE VERS LE PROGRES&#8230; ET LES ECLATS DE RIRES<\/strong><\/p>\n\n\n\n<h6 class=\"wp-block-heading\">La course contre la montre qui termine le film est un morceau de bravoure. C\u2019est aussi un fabuleux passage qui t\u00e9moigne de l\u2019opposition entre la culture d\u2019hier et celle de demain. Un vieux conducteur s\u2019est fait voler son omnibus. Harold qui n\u2019a jamais fait preuve de pers\u00e9v\u00e9rance pour ses jobs va se r\u00e9v\u00e9ler tr\u00e8s habile&#8230; Il retrouve le v\u00e9hicule, et le m\u00e8ne jusqu\u2019\u00e0 son propri\u00e9taire apr\u00e8s de nombreux p\u00e9riples \u00e0 tout va&nbsp;: il profite d\u2019un feu rouge pour l\u2019attacher \u00e0 un taxi, il l\u2019accroche \u00e0 une carriole tir\u00e9e par des chevaux, lorsqu\u2019une roue se brise, il la remplace par le couvercle d\u2019une bouche d\u2019\u00e9gout et c\u2019est reparti&nbsp;! Il finit par d\u00e9barquer \u00e0 la derni\u00e8re minute devant son ami conducteur qui perdait espoir.<\/h6>\n\n\n\n<p><strong>A partir de 8 ans<br>Dur\u00e9e&nbsp;: 1 h 26<br>format&nbsp;: DCP \/ 35 mm \/ vid\u00e9o<\/strong><\/p>\n\n\n\n<p><strong>Ce film b\u00e9n\u00e9ficie du dispositif ADRC<\/strong><\/p>\n<\/div><\/div>\n\n\n\n<div class=\"wp-block-media-text alignwide has-media-on-the-right is-stacked-on-mobile\"><div class=\"wp-block-media-text__content\">\n<p><strong>UN DUO A TOUTE ALLURE<\/strong><\/p>\n\n\n\n<h5 class=\"wp-block-heading\">Christofer Bjurstr\u00f6m (piano) et Nicolas Pointard (batterie, percussions) proposent un dialogue musical sensible, malicieux et dynamique avec la fra\u00eecheur inventive et bondissante de Harold Lloyd. A toute allure, la musique rythme les images et embarque les spectateurs dans cette folle course poursuite men\u00e9e par Harold Lloyd.<\/h5>\n\n\n\n<h4 class=\"wp-block-heading\"><strong>Le BJURSTR\u00d6M CINEDUO<\/strong><\/h4>\n\n\n\n<h5 class=\"wp-block-heading\"><strong>Christofer Bjurstr\u00f6m<\/strong> Piano <br><strong>Nicolas Pointard<\/strong> Batterie<\/h5>\n\n\n\n<p>Pour \u00e9largir la tranche d&rsquo;\u00e2ge du public nous sugg\u00e9rons d&rsquo;ajouter au duo la lecture des intertitres par Catherine Le Flochmoan.<\/p>\n<\/div><figure class=\"wp-block-media-text__media\"><img loading=\"lazy\" decoding=\"async\" width=\"1024\" height=\"797\" src=\"https:\/\/www.cbjurstrom.eu\/wp-content\/uploads\/2021\/01\/Speedy-spun-out-0081-1024x797.jpg\" alt=\"\" class=\"wp-image-1082 size-full\" srcset=\"https:\/\/www.cbjurstrom.eu\/wp-content\/uploads\/2021\/01\/Speedy-spun-out-0081-1024x797.jpg 1024w, https:\/\/www.cbjurstrom.eu\/wp-content\/uploads\/2021\/01\/Speedy-spun-out-0081-300x233.jpg 300w, https:\/\/www.cbjurstrom.eu\/wp-content\/uploads\/2021\/01\/Speedy-spun-out-0081-768x598.jpg 768w, https:\/\/www.cbjurstrom.eu\/wp-content\/uploads\/2021\/01\/Speedy-spun-out-0081-1536x1195.jpg 1536w, https:\/\/www.cbjurstrom.eu\/wp-content\/uploads\/2021\/01\/Speedy-spun-out-0081-2048x1594.jpg 2048w\" sizes=\"auto, (max-width: 1024px) 100vw, 1024px\" \/><\/figure><\/div>\n\n\n\n<figure class=\"wp-block-embed is-type-video is-provider-youtube wp-block-embed-youtube wp-embed-aspect-16-9 wp-has-aspect-ratio\"><div class=\"wp-block-embed__wrapper\">\n<div class=\"nv-iframe-embed\"><iframe loading=\"lazy\" title=\"Cin\u00e9-Concert Speedy\" width=\"1200\" height=\"675\" src=\"https:\/\/www.youtube.com\/embed\/fcYjxTmKvN4?feature=oembed\" frameborder=\"0\" allow=\"accelerometer; autoplay; clipboard-write; encrypted-media; gyroscope; picture-in-picture; web-share\" referrerpolicy=\"strict-origin-when-cross-origin\" allowfullscreen><\/iframe><\/div>\n<\/div><\/figure>\n","protected":false},"excerpt":{"rendered":"<p>Un film de Ted Wilde et Harold lloyd &#8211; USA &#8211; 1928Musique originale de Christofer BJURSTR\u00d6M Harold Lloyd, un personnage qui vous veut du bien&nbsp;!&nbsp;: Harold est un gar\u00e7on incapable de conserver bien longtemps le m\u00eame travail. Qu\u2019il s\u2019agisse d\u2019\u00eatre serveur chez un glacier ou chauffeur de taxi, il se laisse sans cesse d\u00e9vorer par&hellip;&nbsp;<\/p>\n","protected":false},"author":1,"featured_media":10542,"parent":0,"menu_order":0,"comment_status":"closed","ping_status":"closed","template":"","meta":{"neve_meta_sidebar":"","neve_meta_container":"","neve_meta_enable_content_width":"","neve_meta_content_width":0,"neve_meta_title_alignment":"","neve_meta_author_avatar":"","neve_post_elements_order":"","neve_meta_disable_header":"","neve_meta_disable_footer":"","neve_meta_disable_title":"","footnotes":""},"class_list":["post-309","page","type-page","status-publish","has-post-thumbnail","hentry"],"_links":{"self":[{"href":"https:\/\/www.cbjurstrom.eu\/index.php\/wp-json\/wp\/v2\/pages\/309","targetHints":{"allow":["GET"]}}],"collection":[{"href":"https:\/\/www.cbjurstrom.eu\/index.php\/wp-json\/wp\/v2\/pages"}],"about":[{"href":"https:\/\/www.cbjurstrom.eu\/index.php\/wp-json\/wp\/v2\/types\/page"}],"author":[{"embeddable":true,"href":"https:\/\/www.cbjurstrom.eu\/index.php\/wp-json\/wp\/v2\/users\/1"}],"replies":[{"embeddable":true,"href":"https:\/\/www.cbjurstrom.eu\/index.php\/wp-json\/wp\/v2\/comments?post=309"}],"version-history":[{"count":7,"href":"https:\/\/www.cbjurstrom.eu\/index.php\/wp-json\/wp\/v2\/pages\/309\/revisions"}],"predecessor-version":[{"id":10836,"href":"https:\/\/www.cbjurstrom.eu\/index.php\/wp-json\/wp\/v2\/pages\/309\/revisions\/10836"}],"wp:featuredmedia":[{"embeddable":true,"href":"https:\/\/www.cbjurstrom.eu\/index.php\/wp-json\/wp\/v2\/media\/10542"}],"wp:attachment":[{"href":"https:\/\/www.cbjurstrom.eu\/index.php\/wp-json\/wp\/v2\/media?parent=309"}],"curies":[{"name":"wp","href":"https:\/\/api.w.org\/{rel}","templated":true}]}}