{"id":284,"date":"2020-10-20T17:46:31","date_gmt":"2020-10-20T15:46:31","guid":{"rendered":"https:\/\/cbjurstrom.eu\/cbj\/?page_id=284"},"modified":"2023-06-23T16:44:27","modified_gmt":"2023-06-23T14:44:27","slug":"le-cameraman","status":"publish","type":"page","link":"https:\/\/www.cbjurstrom.eu\/index.php\/le-cameraman\/","title":{"rendered":"Le Cam\u00e9raman"},"content":{"rendered":"\n<div class=\"wp-block-media-text alignwide is-stacked-on-mobile\"><figure class=\"wp-block-media-text__media\"><img loading=\"lazy\" decoding=\"async\" width=\"837\" height=\"1024\" src=\"https:\/\/www.cbjurstrom.eu\/wp-content\/uploads\/2020\/10\/cameraman_grande-1-837x1024.jpg\" alt=\"\" class=\"wp-image-288 size-full\" srcset=\"https:\/\/www.cbjurstrom.eu\/wp-content\/uploads\/2020\/10\/cameraman_grande-1-837x1024.jpg 837w, https:\/\/www.cbjurstrom.eu\/wp-content\/uploads\/2020\/10\/cameraman_grande-1-245x300.jpg 245w, https:\/\/www.cbjurstrom.eu\/wp-content\/uploads\/2020\/10\/cameraman_grande-1-768x940.jpg 768w, https:\/\/www.cbjurstrom.eu\/wp-content\/uploads\/2020\/10\/cameraman_grande-1-1255x1536.jpg 1255w, https:\/\/www.cbjurstrom.eu\/wp-content\/uploads\/2020\/10\/cameraman_grande-1-1674x2048.jpg 1674w, https:\/\/www.cbjurstrom.eu\/wp-content\/uploads\/2020\/10\/cameraman_grande-1.jpg 1798w\" sizes=\"auto, (max-width: 837px) 100vw, 837px\" \/><\/figure><div class=\"wp-block-media-text__content\">\n<p><strong>Un film de Buster Keaton (U.S.A., 1928)<\/strong><\/p>\n\n\n\n<p><strong>Musique originale de Christofer BJURSTR\u00d6M<\/strong><\/p>\n\n\n\n<p>Le d<strong>ernier chef d\u2019\u0153uvre de Keaton avant l\u2019arriv\u00e9e du cin\u00e9ma parlant.<\/strong><\/p>\n\n\n\n<p>Un photographe des rues r\u00eave de devenir cameraman, par amour pour une jolie secr\u00e9taire de la MGM.&nbsp;<br>Il ach\u00e8te une vieille cam\u00e9ra et commence \u00e0 filmer, aid\u00e9 et encourag\u00e9 par sa belle.<br>Malheureusement, rien ne se passe comme pr\u00e9vu et c\u2019est apr\u00e8s bien des p\u00e9rip\u00e9ties que notre h\u00e9ros va pouvoir parvenir \u00e0 ses fins.<\/p>\n\n\n\n<p><strong>tout public \u00e0 partir de 7 ans<br>Dur\u00e9e&nbsp;: 1 h 10<br>format&nbsp;: DCP<\/strong><br>Disponible en cin\u00e9ma<\/p>\n\n\n\n<p class=\"has-medium-font-size\"><strong><br><\/strong><\/p>\n<\/div><\/div>\n\n\n\n<div class=\"wp-block-media-text alignwide has-media-on-the-right is-stacked-on-mobile\"><div class=\"wp-block-media-text__content\">\n<p><strong>UNE MUSIQUE DYNAMIQUE ET LYRIQUE<\/strong><\/p>\n\n\n\n<h6 class=\"wp-block-heading\">Une musique de piano lyrique et touchante, suivant les d\u00e9ambulations de ce personnage lunaire qu\u2019est Buster Keaton.<\/h6>\n\n\n\n<h6 class=\"wp-block-heading\"><strong>Christofer Bjurstr\u00f6m<\/strong> piano<\/h6>\n<\/div><figure class=\"wp-block-media-text__media\"><img loading=\"lazy\" decoding=\"async\" width=\"400\" height=\"280\" src=\"https:\/\/www.cbjurstrom.eu\/wp-content\/uploads\/2020\/10\/cameraman-train.jpg\" alt=\"\" class=\"wp-image-286 size-full\" srcset=\"https:\/\/www.cbjurstrom.eu\/wp-content\/uploads\/2020\/10\/cameraman-train.jpg 400w, https:\/\/www.cbjurstrom.eu\/wp-content\/uploads\/2020\/10\/cameraman-train-300x210.jpg 300w\" sizes=\"auto, (max-width: 400px) 100vw, 400px\" \/><\/figure><\/div>\n\n\n\n<figure class=\"wp-block-image size-large\"><img loading=\"lazy\" decoding=\"async\" width=\"1024\" height=\"410\" src=\"https:\/\/www.cbjurstrom.eu\/wp-content\/uploads\/le_cameraman-1024x410.jpg\" alt=\"\" class=\"wp-image-10890\" srcset=\"https:\/\/www.cbjurstrom.eu\/wp-content\/uploads\/le_cameraman-1024x410.jpg 1024w, https:\/\/www.cbjurstrom.eu\/wp-content\/uploads\/le_cameraman-300x120.jpg 300w, https:\/\/www.cbjurstrom.eu\/wp-content\/uploads\/le_cameraman-768x307.jpg 768w, https:\/\/www.cbjurstrom.eu\/wp-content\/uploads\/le_cameraman-1536x614.jpg 1536w, https:\/\/www.cbjurstrom.eu\/wp-content\/uploads\/le_cameraman.jpg 1920w\" sizes=\"auto, (max-width: 1024px) 100vw, 1024px\" \/><\/figure>\n","protected":false},"excerpt":{"rendered":"<p>Un film de Buster Keaton (U.S.A., 1928) Musique originale de Christofer BJURSTR\u00d6M Le dernier chef d\u2019\u0153uvre de Keaton avant l\u2019arriv\u00e9e du cin\u00e9ma parlant. Un photographe des rues r\u00eave de devenir cameraman, par amour pour une jolie secr\u00e9taire de la MGM.&nbsp;Il ach\u00e8te une vieille cam\u00e9ra et commence \u00e0 filmer, aid\u00e9 et encourag\u00e9 par sa belle.Malheureusement, rien&hellip;&nbsp;<\/p>\n","protected":false},"author":1,"featured_media":10890,"parent":0,"menu_order":0,"comment_status":"closed","ping_status":"closed","template":"","meta":{"neve_meta_sidebar":"","neve_meta_container":"","neve_meta_enable_content_width":"","neve_meta_content_width":0,"neve_meta_title_alignment":"","neve_meta_author_avatar":"","neve_post_elements_order":"","neve_meta_disable_header":"","neve_meta_disable_footer":"","neve_meta_disable_title":"","footnotes":""},"class_list":["post-284","page","type-page","status-publish","has-post-thumbnail","hentry"],"_links":{"self":[{"href":"https:\/\/www.cbjurstrom.eu\/index.php\/wp-json\/wp\/v2\/pages\/284","targetHints":{"allow":["GET"]}}],"collection":[{"href":"https:\/\/www.cbjurstrom.eu\/index.php\/wp-json\/wp\/v2\/pages"}],"about":[{"href":"https:\/\/www.cbjurstrom.eu\/index.php\/wp-json\/wp\/v2\/types\/page"}],"author":[{"embeddable":true,"href":"https:\/\/www.cbjurstrom.eu\/index.php\/wp-json\/wp\/v2\/users\/1"}],"replies":[{"embeddable":true,"href":"https:\/\/www.cbjurstrom.eu\/index.php\/wp-json\/wp\/v2\/comments?post=284"}],"version-history":[{"count":4,"href":"https:\/\/www.cbjurstrom.eu\/index.php\/wp-json\/wp\/v2\/pages\/284\/revisions"}],"predecessor-version":[{"id":10892,"href":"https:\/\/www.cbjurstrom.eu\/index.php\/wp-json\/wp\/v2\/pages\/284\/revisions\/10892"}],"wp:featuredmedia":[{"embeddable":true,"href":"https:\/\/www.cbjurstrom.eu\/index.php\/wp-json\/wp\/v2\/media\/10890"}],"wp:attachment":[{"href":"https:\/\/www.cbjurstrom.eu\/index.php\/wp-json\/wp\/v2\/media?parent=284"}],"curies":[{"name":"wp","href":"https:\/\/api.w.org\/{rel}","templated":true}]}}