{"id":272,"date":"2020-10-20T17:29:48","date_gmt":"2020-10-20T15:29:48","guid":{"rendered":"https:\/\/cbjurstrom.eu\/cbj\/?page_id=272"},"modified":"2025-09-11T17:08:32","modified_gmt":"2025-09-11T15:08:32","slug":"la-croisiere-du-navigator","status":"publish","type":"page","link":"https:\/\/www.cbjurstrom.eu\/index.php\/la-croisiere-du-navigator\/","title":{"rendered":"La Croisi\u00e8re du Navigator"},"content":{"rendered":"\n<div class=\"wp-block-media-text alignwide is-stacked-on-mobile\"><figure class=\"wp-block-media-text__media\"><img loading=\"lazy\" decoding=\"async\" width=\"803\" height=\"1024\" src=\"https:\/\/cbjurstrom.eu\/cbj\/wp-content\/uploads\/2020\/10\/3-803x1024.jpg\" alt=\"\" class=\"wp-image-273\" srcset=\"https:\/\/www.cbjurstrom.eu\/wp-content\/uploads\/2020\/10\/3-803x1024.jpg 803w, https:\/\/www.cbjurstrom.eu\/wp-content\/uploads\/2020\/10\/3-235x300.jpg 235w, https:\/\/www.cbjurstrom.eu\/wp-content\/uploads\/2020\/10\/3-768x980.jpg 768w, https:\/\/www.cbjurstrom.eu\/wp-content\/uploads\/2020\/10\/3-1204x1536.jpg 1204w, https:\/\/www.cbjurstrom.eu\/wp-content\/uploads\/2020\/10\/3.jpg 1411w\" sizes=\"auto, (max-width: 803px) 100vw, 803px\" \/><\/figure><div class=\"wp-block-media-text__content\">\n<p><strong>Un film de Buster KEATON (1924)<br>Une musique originale de Christofer BJURSTR\u00d6M<\/strong><\/p>\n\n\n\n<p>Lui qui n\u2019a jamais rien fait de ses dix doigts, doit d\u00e9ployer des miracles d\u2019ing\u00e9niosit\u00e9 pour assurer sa survie et celle de sa belle\u00a0: cuisine improbable \u00e0 bord du transatlantique, accostage sur une \u00eele peupl\u00e9e de cannibales, combat en scaphandre avec un espadon&#8230;<br>Cet encha\u00eenement de catastrophes prend fin gr\u00e2ce \u00e0 la miraculeuse remont\u00e9e d\u2019un sous-marin&#8230; qui parvient \u00e0 les sauver\u00a0!<\/p>\n\n\n\n<p><strong>tout public \u00e0 partir de 8 ans<br>Dur\u00e9e&nbsp;: 1 h 00<br>format&nbsp;: DCP<\/strong><\/p>\n<\/div><\/div>\n\n\n\n<div class=\"wp-block-media-text alignwide has-media-on-the-right is-stacked-on-mobile\"><figure class=\"wp-block-media-text__media\"><img loading=\"lazy\" decoding=\"async\" width=\"833\" height=\"1024\" src=\"https:\/\/cbjurstrom.eu\/cbj\/wp-content\/uploads\/2020\/10\/4-1-833x1024.jpg\" alt=\"\" class=\"wp-image-274\" srcset=\"https:\/\/www.cbjurstrom.eu\/wp-content\/uploads\/2020\/10\/4-1-833x1024.jpg 833w, https:\/\/www.cbjurstrom.eu\/wp-content\/uploads\/2020\/10\/4-1-244x300.jpg 244w, https:\/\/www.cbjurstrom.eu\/wp-content\/uploads\/2020\/10\/4-1-768x944.jpg 768w, https:\/\/www.cbjurstrom.eu\/wp-content\/uploads\/2020\/10\/4-1-1250x1536.jpg 1250w, https:\/\/www.cbjurstrom.eu\/wp-content\/uploads\/2020\/10\/4-1.jpg 1302w\" sizes=\"auto, (max-width: 833px) 100vw, 833px\" \/><\/figure><div class=\"wp-block-media-text__content\">\n<p>Une musique tendre, absurde et haletante&nbsp;:<\/p>\n\n\n\n<p>Le Bjurstr\u00f6m CineTrio<\/p>\n\n\n\n<ul class=\"wp-block-list\"><li>Christofer Bjurstr\u00f6m, piano, composition<\/li><li>Fran\u00e7ois Malet, batterie<\/li><li>G\u00e9rard Bouquin, contrebasse<\/li><\/ul>\n<\/div><\/div>\n\n\n\n<figure class=\"wp-block-image size-large\"><img loading=\"lazy\" decoding=\"async\" width=\"600\" height=\"400\" src=\"https:\/\/cbjurstrom.eu\/cbj\/wp-content\/uploads\/2020\/10\/1.jpg\" alt=\"\" class=\"wp-image-275\" srcset=\"https:\/\/www.cbjurstrom.eu\/wp-content\/uploads\/2020\/10\/1.jpg 600w, https:\/\/www.cbjurstrom.eu\/wp-content\/uploads\/2020\/10\/1-300x200.jpg 300w, https:\/\/www.cbjurstrom.eu\/wp-content\/uploads\/2020\/10\/1-360x240.jpg 360w\" sizes=\"auto, (max-width: 600px) 100vw, 600px\" \/><\/figure>\n","protected":false},"excerpt":{"rendered":"<p>Un film de Buster KEATON (1924)Une musique originale de Christofer BJURSTR\u00d6M Lui qui n\u2019a jamais rien fait de ses dix doigts, doit d\u00e9ployer des miracles d\u2019ing\u00e9niosit\u00e9 pour assurer sa survie et celle de sa belle\u00a0: cuisine improbable \u00e0 bord du transatlantique, accostage sur une \u00eele peupl\u00e9e de cannibales, combat en scaphandre avec un espadon&#8230;Cet encha\u00eenement&hellip;&nbsp;<\/p>\n","protected":false},"author":1,"featured_media":274,"parent":0,"menu_order":0,"comment_status":"closed","ping_status":"closed","template":"","meta":{"neve_meta_sidebar":"","neve_meta_container":"","neve_meta_enable_content_width":"","neve_meta_content_width":0,"neve_meta_title_alignment":"","neve_meta_author_avatar":"","neve_post_elements_order":"","neve_meta_disable_header":"","neve_meta_disable_footer":"","neve_meta_disable_title":"","footnotes":""},"class_list":["post-272","page","type-page","status-publish","has-post-thumbnail","hentry"],"_links":{"self":[{"href":"https:\/\/www.cbjurstrom.eu\/index.php\/wp-json\/wp\/v2\/pages\/272","targetHints":{"allow":["GET"]}}],"collection":[{"href":"https:\/\/www.cbjurstrom.eu\/index.php\/wp-json\/wp\/v2\/pages"}],"about":[{"href":"https:\/\/www.cbjurstrom.eu\/index.php\/wp-json\/wp\/v2\/types\/page"}],"author":[{"embeddable":true,"href":"https:\/\/www.cbjurstrom.eu\/index.php\/wp-json\/wp\/v2\/users\/1"}],"replies":[{"embeddable":true,"href":"https:\/\/www.cbjurstrom.eu\/index.php\/wp-json\/wp\/v2\/comments?post=272"}],"version-history":[{"count":3,"href":"https:\/\/www.cbjurstrom.eu\/index.php\/wp-json\/wp\/v2\/pages\/272\/revisions"}],"predecessor-version":[{"id":886,"href":"https:\/\/www.cbjurstrom.eu\/index.php\/wp-json\/wp\/v2\/pages\/272\/revisions\/886"}],"wp:featuredmedia":[{"embeddable":true,"href":"https:\/\/www.cbjurstrom.eu\/index.php\/wp-json\/wp\/v2\/media\/274"}],"wp:attachment":[{"href":"https:\/\/www.cbjurstrom.eu\/index.php\/wp-json\/wp\/v2\/media?parent=272"}],"curies":[{"name":"wp","href":"https:\/\/api.w.org\/{rel}","templated":true}]}}