{"id":23,"date":"2020-10-16T17:36:02","date_gmt":"2020-10-16T15:36:02","guid":{"rendered":"http:\/\/cbjurstrom.eu\/cbj\/?page_id=23"},"modified":"2025-09-11T16:38:22","modified_gmt":"2025-09-11T14:38:22","slug":"piano-solo","status":"publish","type":"page","link":"https:\/\/www.cbjurstrom.eu\/index.php\/piano-solo\/","title":{"rendered":"Piano Solo"},"content":{"rendered":"\n<figure class=\"wp-block-pullquote alignfull alignwide is-style-default has-border-color has-black-color has-text-color\" style=\"border-color:#e91e63\"><blockquote><p>Dans son travail de piano solo, Christofer Bjurstr\u00f6m poursuit une sorte de dialogue intime, un voyage dans diff\u00e9rents univers qui cohabitent \u00e0 l&rsquo;int\u00e9rieur de sa t\u00eate, une fascination pour le silence et les reflets du soleil dans l&rsquo;eau, une tension parfois \u00e9ruptive\u2026.<\/p><\/blockquote><\/figure>\n\n\n\n<h2 class=\"wp-block-heading\">Concert Piano Solo : Ecume de Mai<\/h2>\n\n\n\n<div class=\"wp-block-media-text alignwide is-stacked-on-mobile\"><figure class=\"wp-block-media-text__media\"><a href=\"https:\/\/mzrecords.eu\/index.php\/mar-011-ecume-de-mai\/\" target=\"_blank\" rel=\"noopener noreferrer\"><img loading=\"lazy\" decoding=\"async\" width=\"1024\" height=\"1024\" src=\"https:\/\/www.cbjurstrom.eu\/wp-content\/uploads\/2020\/10\/Pochette-Ecume_3000-1024x1024.jpg\" alt=\"\" class=\"wp-image-248 size-full\" srcset=\"https:\/\/www.cbjurstrom.eu\/wp-content\/uploads\/2020\/10\/Pochette-Ecume_3000-1024x1024.jpg 1024w, https:\/\/www.cbjurstrom.eu\/wp-content\/uploads\/2020\/10\/Pochette-Ecume_3000-300x300.jpg 300w, https:\/\/www.cbjurstrom.eu\/wp-content\/uploads\/2020\/10\/Pochette-Ecume_3000-150x150.jpg 150w, https:\/\/www.cbjurstrom.eu\/wp-content\/uploads\/2020\/10\/Pochette-Ecume_3000-768x768.jpg 768w, https:\/\/www.cbjurstrom.eu\/wp-content\/uploads\/2020\/10\/Pochette-Ecume_3000-1536x1536.jpg 1536w, https:\/\/www.cbjurstrom.eu\/wp-content\/uploads\/2020\/10\/Pochette-Ecume_3000-2048x2048.jpg 2048w\" sizes=\"auto, (max-width: 1024px) 100vw, 1024px\" \/><\/a><\/figure><div class=\"wp-block-media-text__content\">\n<p style=\"font-size:18px\">L\u2019\u00e9cume de mai est un ph\u00e9nom\u00e8ne de bord de mer, qui appara\u00eet souvent au printemps. C\u2019est une formation accrue d\u2019\u00e9cume, dont une partie peut s\u2019envoler en direction des terres, port\u00e9e par le vent.<\/p>\n\n\n\n<p>Cette \u00e9cume, cette empreinte de mer, est le produit du bouillonnement interne de la mer, et des circonstances environnantes. Et \u00e0 travers cette image des bords de mer, Christofer Bjurstr\u00f6m \u00e9voque tout ce qui nous a construits et dont seule l\u2019\u00e9cume est accessible.<\/p>\n\n\n\n<p style=\"font-size:18px\">Ce r\u00e9pertoire est une exploration de l\u2019empreinte, du vestige, de la trace, un questionnement autour de nos paysages int\u00e9rieurs.<\/p>\n\n\n\n<p style=\"font-size:18px\">Au d\u00e9part de ce voyage intime se trouvent neuf po\u00e8mes,  les \u00ab&nbsp;facteurs d\u00e9clenchant&nbsp;\u00bb des morceaux de ce r\u00e9pertoire.<\/p>\n\n\n\n<p style=\"font-size:15px\">Po\u00e8mes de Jules Supervielle, Abdellatif La\u00e2bi, Claude Roy, Bo Carpelan, Emily Dickinson, Sylvia Plath et Raymond Carver.<\/p>\n<\/div><\/div>\n\n\n\n<div class=\"wp-block-columns is-layout-flex wp-container-core-columns-is-layout-9d6595d7 wp-block-columns-is-layout-flex\">\n<div class=\"wp-block-column is-layout-flow wp-block-column-is-layout-flow\" style=\"flex-basis:100%\">\n<div class=\"wp-block-columns alignfull is-layout-flex wp-container-core-columns-is-layout-9d6595d7 wp-block-columns-is-layout-flex\">\n<div class=\"wp-block-column is-layout-flow wp-block-column-is-layout-flow\">\n<p class=\"has-small-font-size\">\u2026 <em>Dans \u00c9cume de mai, nouvel album solo, [Christofer Bjurstr\u00f6m] prouve une fois encore son talent de conteur, aux contours nets et sans emphase, au c\u0153ur de l\u2019\u00e9motion m\u00eame bizarre ou d\u00e9plaisante, car la vie d\u2019un musicien n\u2019est pas un long fleuve tranquille. C\u2019est d\u2019ailleurs depuis le c\u0153ur d\u2019un printemps 2020 confin\u00e9 que le pianiste nous adresse ses r\u00e9flexions musicales teint\u00e9es de doute et d\u2019humour.<\/em><br><em>C\u2019est la force de ce disque qui, bien que narratif et hautement litt\u00e9raire, tient davantage du modernisme que du romantisme. Cette \u00c9cume semble n\u00e9e une envie d\u2019en d\u00e9coudre avec l\u2019inconfort, d\u2019une ode \u00e0 la bizarrerie, d\u2019un hymne \u00e0 l\u2019incertitude. C\u2019est elle la muse de la cr\u00e9ation artistique, contrairement \u00e0 l\u2019overdose de pr\u00e9caution, de r\u00e9serves et de mesures dont nous gave l\u2019\u00e9poque. C\u2019est bien de l\u2019amertume de l\u2019\u00e9cume remontant \u00e0 la surface qu\u2019il est question ici. Aussi, rappelons-nous que \u00ab&nbsp;Le principe de pr\u00e9caution nous prive des belles \u00e9motions que procure l\u2019incertitude&nbsp;\u00bb (Gr\u00e9goire Lacroix) et plongeons dans ces ondulations qui offrent une forte r\u00e9sonance en cet hiver 20-21. La m\u00e9lancolie y est simplement exquise.<\/em><br><strong>Anne Yven, Citizen Jazz, janvier 2021<\/strong> <a rel=\"noreferrer noopener\" href=\"https:\/\/www.citizenjazz.com\/Christofer-Bjurstrom-3479071.html\" target=\"_blank\">(lire l\u2019article en entier)<\/a><em>..<\/em><\/p>\n\n\n\n<p class=\"has-small-font-size\"><em>Participation \u00e0 des grands ensembles, duos subtils, spectacles de cin\u00e9-concert, prestations en solo hors pair et production r\u00e9guli\u00e8re de CD inspir\u00e9s. Finist\u00e9rien de longue date, le discret pianiste Christofer Bjurstr\u00f6m ne fait pas de bruit, mais, et c\u2019est beaucoup mieux, il joue de la musique de haut vol. Une nouvelle preuve avec cet \u00ab \u00c9cume de mai \u00bb tr\u00e8s d\u00e9licat, enregistr\u00e9 l\u2019an pass\u00e9 et nourri par la fr\u00e9quentation de la po\u00e9sie d\u2019Emily Dickinson, Jules Supervielle, Raymond Carver ou Abdellatif La\u00e2bi. Pas de grandes orgues tape-\u00e0-l\u2019oreille ici (ce n\u2019est pas le genre du bonhomme), mais l\u2019\u00e9coulement d\u2019un ruisseau d\u2019\u00e9motion et de sensations, volontiers introspectif.<br>Ceux qui aiment les travers\u00e9es de la musique en solitaire, fa\u00e7on Keith Jarrett ou St\u00e9phan Oliva, adoreront cet album magnifique que l\u2019on doit aussi \u00e9couter comme une ode au piano, offrande et gratitude m\u00eal\u00e9s. La qualit\u00e9 de l\u2019enregistrement (Sami Bouvet au Studio de Meudon) sert \u00e0 merveille les notes tant\u00f4t graves et profondes, tant\u00f4t cristallines et lustrales. Une vraie r\u00e9ussite.<\/em><br><strong>Le T\u00e9l\u00e9gramme, 14 janvier 2021<\/strong><\/p>\n\n\n\n<p class=\"has-small-font-size\"><em>Une jolie surprise\u2026..<\/em> (<a rel=\"noreferrer noopener\" href=\"https:\/\/www.francemusique.fr\/jazz\/jazz-bonus-christofer-bjurstrom-ecume-de-mai-90688\" target=\"_blank\">lire l\u2019article <\/a>) <a rel=\"noreferrer noopener\" href=\"https:\/\/www.francemusique.fr\/emissions\/open-jazz\/chet-baker-sa-romance-est-un-film-89875\" target=\"_blank\">(lien vers l\u2019\u00e9mission)<\/a><br><strong>Alex Dutilh,<\/strong> dans l\u2019\u00e9mission <strong>Open Jazz, France Musique, le 14 d\u00e9cembre 2020<\/strong><\/p>\n\n\n\n<p class=\"has-small-font-size\"><em>Christofer Bjurstr\u00f6m parvient \u00e0 produire une musique \u00e0 la fois r\u00e9sistante et liquide, avec des formes qui naissent et s\u2019\u00e9vanouissent, en une plong\u00e9e dans les tr\u00e9fonds de l\u2019intime. Notes en pluie serr\u00e9e et persistante, ou qui perlent et rebondissent un un friselis moutonnant, mart\u00e8lement audacieux du clavier ou bruit sourd dans les bois et cordes quand le piano est pr\u00e9par\u00e9, superpositions d\u2019accords et de brisures rythmiques composent un chant jamais plaintif mais lucide, une m\u00e9lodie souvent heurt\u00e9e, des tressaillements qui remontent avec le souffle du temps. Avec l\u2019appr\u00e9hension d\u2019un certain vide qui devient silence, dans une tonalit\u00e9 volontairement grave, s\u2019inscrivent pauses, ruptures, blancs. Un rythme souvent insistant, obsessionnel parcourt ses solos qui racontent presque toujours une histoire. Surgissent aussi des m\u00e9lodies plus fluides, impressionnistes, des \u00e9lans lumineux r\u00e9parant les horizons \u00e9clat\u00e9s, qui ram\u00e8nent vers des rivages connus, avec l\u2019esp\u00e9rance.<\/em><br><em>Ainsi \u00e9coutons nous ce piano en archipel, singulier pluriel qui sait accompagner les images d\u2019un film qui se projette dans notre imaginaire.<\/em><br><strong>Sophie Chambon, Les Derni\u00e8res Nouvelles du Jazz, d\u00e9cembre 2020<\/strong> <a rel=\"noreferrer noopener\" href=\"http:\/\/lesdnj.over-blog.com\/2020\/12\/christofer-bjurstrom-piano-solo-l-ecume-de-mai.html\" target=\"_blank\">(lire l\u2019article en entier)<\/a><\/p>\n\n\n\n<p class=\"has-small-font-size\">\u2026 son <em>rendu musical ici empli de subtilit\u00e9s. Servi par une excellente prise de son et pour qui veut bien ouvrir son esprit nous voyagerons d\u2019un debussysme, d\u2019un africanisme \u00e0 un monkisme (2nd plage de l\u2019album rappelant San Francisco Holiday, est ce un hasard&nbsp;?) ou au gr\u00e9 de vos humeurs et de votre imagination vers les paysages int\u00e9rieurs qui viendront \u00e0 votre esprit.<\/em><br><strong>Pierre Gros, Culture Jazz, D\u00e9cembre 2020<\/strong> <a rel=\"noreferrer noopener\" href=\"https:\/\/www.culturejazz.fr\/spip.php?article3600#18\" target=\"_blank\">(lire l\u2019article en entier)<\/a><\/p>\n\n\n\n<p class=\"has-small-font-size\">\u2026<em>La musique de cette belle \u00ab&nbsp;\u00e9cume de mai&nbsp;\u00bb est \u00e0 \u00e9couter comme une suite de m\u00e9ditations, l\u00e0 o\u00f9 celles-ci ne sont pas un \u00e9cart du monde, mais le chemin vers la juste place que chacun vaut, m\u00e9rite, recherche, face \u00e0 ce qui l\u2019entoure.<\/em><br><strong>Michel Arcens, Notes de Jazz, D\u00e9cembre 2020<\/strong> <a rel=\"noreferrer noopener\" href=\"http:\/\/notesdejazz.unblog.fr\/2020\/12\/01\/les-temps-heureux-de-la-musique\/\" target=\"_blank\">(lire l\u2019article en entier)<\/a><\/p>\n\n\n\n<p class=\"has-small-font-size\"><em>\u2026.Un album inhabituel pour l\u2019auditeur que je suis, mais je vous avoue que je viens de faire une formidable d\u00e9couverte qui vaut le d\u00e9tour! Si ouverture d\u2019esprit et imaginaire r\u00e9pondent \u00e0 l\u2019appel, vous trouverez cet opus de Jazz tout simplement magnifique! Un tr\u00e8s grand coup de coeur!<\/em><br><strong>Dominique Boulay<\/strong> <a rel=\"noreferrer noopener\" href=\"https:\/\/www.paris-move.com\/\" target=\"_blank\">PARIS-MOVE<\/a>&nbsp;&amp;&nbsp;Blues Magazine (Fr), <strong>Novembre 2020<\/strong> (<a rel=\"noreferrer noopener\" href=\"https:\/\/www.paris-move.com\/reviews\/christofer-bjurstrom-ecume-de-mai\/\" target=\"_blank\">lire l\u2019article en entier<\/a>)<\/p>\n<\/div>\n\n\n\n<div class=\"wp-block-column is-layout-flow wp-block-column-is-layout-flow\">\n<p>Ecouter des extraits:<\/p>\n\n\n\n<iframe loading=\"lazy\" scrolling=\"no\" allow=\"autoplay\" src=\"https:\/\/w.soundcloud.com\/player\/?url=https%3A\/\/api.soundcloud.com\/tracks\/900113536&amp;color=%23ff5500&amp;auto_play=false&amp;hide_related=false&amp;show_comments=true&amp;show_user=true&amp;show_reposts=false&amp;show_teaser=true\" width=\"100%\" height=\"166\" frameborder=\"no\"><\/iframe><div style=\"font-size: 10px; color: #cccccc;line-break: anywhere;word-break: normal;overflow: hidden;white-space: nowrap;text-overflow: ellipsis; font-family: Interstate,Lucida Grande,Lucida Sans Unicode,Lucida Sans,Garuda,Verdana,Tahoma,sans-serif;font-weight: 100;\"><a href=\"https:\/\/soundcloud.com\/user-323714484\" title=\"Christofer Bjurstr\u00f6m\" target=\"_blank\" style=\"color: #cccccc; text-decoration: none;\" rel=\"noopener noreferrer\">Christofer Bjurstr\u00f6m<\/a> \u00b7 <a href=\"https:\/\/soundcloud.com\/user-323714484\/ce-qui-est-devenu-ecume-extr\" title=\"Ce qui est devenu \u00e9cume (extr)\" target=\"_blank\" style=\"color: #cccccc; text-decoration: none;\" rel=\"noopener noreferrer\">Ce qui est devenu \u00e9cume (extr)<\/a><\/div>\n\n\n\n<iframe loading=\"lazy\" scrolling=\"no\" allow=\"autoplay\" src=\"https:\/\/w.soundcloud.com\/player\/?url=https%3A\/\/api.soundcloud.com\/tracks\/900113317&amp;color=%23ff5500&amp;auto_play=false&amp;hide_related=false&amp;show_comments=true&amp;show_user=true&amp;show_reposts=false&amp;show_teaser=true\" width=\"100%\" height=\"166\" frameborder=\"no\"><\/iframe><div style=\"font-size: 10px; color: #cccccc;line-break: anywhere;word-break: normal;overflow: hidden;white-space: nowrap;text-overflow: ellipsis; font-family: Interstate,Lucida Grande,Lucida Sans Unicode,Lucida Sans,Garuda,Verdana,Tahoma,sans-serif;font-weight: 100;\"><a href=\"https:\/\/soundcloud.com\/user-323714484\" title=\"Christofer Bjurstr\u00f6m\" target=\"_blank\" style=\"color: #cccccc; text-decoration: none;\" rel=\"noopener noreferrer\">Christofer Bjurstr\u00f6m<\/a> \u00b7 <a href=\"https:\/\/soundcloud.com\/user-323714484\/une-seule-main-ne-suffit-pas\" title=\"Une seule main ne suffit pas- extrait\" target=\"_blank\" style=\"color: #cccccc; text-decoration: none;\" rel=\"noopener noreferrer\">Une seule main ne suffit pas- extrait<\/a><\/div>\n\n\n\n<iframe loading=\"lazy\" scrolling=\"no\" allow=\"autoplay\" src=\"https:\/\/w.soundcloud.com\/player\/?url=https%3A\/\/api.soundcloud.com\/tracks\/900113041&amp;color=%23ff5500&amp;auto_play=false&amp;hide_related=false&amp;show_comments=true&amp;show_user=true&amp;show_reposts=false&amp;show_teaser=true\" width=\"100%\" height=\"166\" frameborder=\"no\"><\/iframe><div style=\"font-size: 10px; color: #cccccc;line-break: anywhere;word-break: normal;overflow: hidden;white-space: nowrap;text-overflow: ellipsis; font-family: Interstate,Lucida Grande,Lucida Sans Unicode,Lucida Sans,Garuda,Verdana,Tahoma,sans-serif;font-weight: 100;\"><a href=\"https:\/\/soundcloud.com\/user-323714484\" title=\"Christofer Bjurstr\u00f6m\" target=\"_blank\" style=\"color: #cccccc; text-decoration: none;\" rel=\"noopener noreferrer\">Christofer Bjurstr\u00f6m<\/a> \u00b7 <a href=\"https:\/\/soundcloud.com\/user-323714484\/moutons-dans-la-brume-extr\" title=\"Moutons dans la brume -Extr\" target=\"_blank\" style=\"color: #cccccc; text-decoration: none;\" rel=\"noopener noreferrer\">Moutons dans la brume -Extr<\/a><\/div>\n\n\n\n<iframe loading=\"lazy\" scrolling=\"no\" allow=\"autoplay\" src=\"https:\/\/w.soundcloud.com\/player\/?url=https%3A\/\/api.soundcloud.com\/tracks\/900112774&amp;color=%23ff5500&amp;auto_play=false&amp;hide_related=false&amp;show_comments=true&amp;show_user=true&amp;show_reposts=false&amp;show_teaser=true\" width=\"100%\" height=\"166\" frameborder=\"no\"><\/iframe><div style=\"font-size: 10px; color: #cccccc;line-break: anywhere;word-break: normal;overflow: hidden;white-space: nowrap;text-overflow: ellipsis; font-family: Interstate,Lucida Grande,Lucida Sans Unicode,Lucida Sans,Garuda,Verdana,Tahoma,sans-serif;font-weight: 100;\"><a href=\"https:\/\/soundcloud.com\/user-323714484\" title=\"Christofer Bjurstr\u00f6m\" target=\"_blank\" style=\"color: #cccccc; text-decoration: none;\" rel=\"noopener noreferrer\">Christofer Bjurstr\u00f6m<\/a> \u00b7 <a href=\"https:\/\/soundcloud.com\/user-323714484\/tant-extr\" title=\"Tant (extr)\" target=\"_blank\" style=\"color: #cccccc; text-decoration: none;\" rel=\"noopener noreferrer\">Tant (extr)<\/a><\/div>\n\n\n\n<iframe loading=\"lazy\" scrolling=\"no\" allow=\"autoplay\" src=\"https:\/\/w.soundcloud.com\/player\/?url=https%3A\/\/api.soundcloud.com\/tracks\/900112546&amp;color=%23ff5500&amp;auto_play=false&amp;hide_related=false&amp;show_comments=true&amp;show_user=true&amp;show_reposts=false&amp;show_teaser=true\" width=\"100%\" height=\"166\" frameborder=\"no\"><\/iframe><div style=\"font-size: 10px; color: #cccccc;line-break: anywhere;word-break: normal;overflow: hidden;white-space: nowrap;text-overflow: ellipsis; font-family: Interstate,Lucida Grande,Lucida Sans Unicode,Lucida Sans,Garuda,Verdana,Tahoma,sans-serif;font-weight: 100;\"><a href=\"https:\/\/soundcloud.com\/user-323714484\" title=\"Christofer Bjurstr\u00f6m\" target=\"_blank\" style=\"color: #cccccc; text-decoration: none;\" rel=\"noopener noreferrer\">Christofer Bjurstr\u00f6m<\/a> \u00b7 <a href=\"https:\/\/soundcloud.com\/user-323714484\/le-fleuve-de-lexil-extrait\" title=\"Le Fleuve de l'exil - Extrait\" target=\"_blank\" style=\"color: #cccccc; text-decoration: none;\" rel=\"noopener noreferrer\">Le Fleuve de l&rsquo;exil &#8211; Extrait<\/a><\/div>\n\n\n\n<iframe loading=\"lazy\" scrolling=\"no\" allow=\"autoplay\" src=\"https:\/\/w.soundcloud.com\/player\/?url=https%3A\/\/api.soundcloud.com\/tracks\/900112309&amp;color=%23ff5500&amp;auto_play=false&amp;hide_related=false&amp;show_comments=true&amp;show_user=true&amp;show_reposts=false&amp;show_teaser=true\" width=\"100%\" height=\"166\" frameborder=\"no\"><\/iframe><div style=\"font-size: 10px; color: #cccccc;line-break: anywhere;word-break: normal;overflow: hidden;white-space: nowrap;text-overflow: ellipsis; font-family: Interstate,Lucida Grande,Lucida Sans Unicode,Lucida Sans,Garuda,Verdana,Tahoma,sans-serif;font-weight: 100;\"><a href=\"https:\/\/soundcloud.com\/user-323714484\" title=\"Christofer Bjurstr\u00f6m\" target=\"_blank\" style=\"color: #cccccc; text-decoration: none;\" rel=\"noopener noreferrer\">Christofer Bjurstr\u00f6m<\/a> \u00b7 <a href=\"https:\/\/soundcloud.com\/user-323714484\/neige-extrait\" title=\"Neige - Extrait\" target=\"_blank\" style=\"color: #cccccc; text-decoration: none;\" rel=\"noopener noreferrer\">Neige &#8211; Extrait<\/a><\/div>\n<\/div>\n<\/div>\n<\/div>\n<\/div>\n\n\n\n<p>Une belle critique du disque sur le podcast Art District Radio<\/p>\n\n\n\n<p><a href=\"https:\/\/podcasts.apple.com\/fr\/podcast\/ecume-de-mai-de-christofer-bjurstr%C3%B6m\/id1413296580?i=1000504862271\">https:\/\/podcasts.apple.com\/fr\/podcast\/ecume-de-mai-de-christofer-bjurstr%C3%B6m\/id1413296580?i=1000504862271<\/a><\/p>\n\n\n\n<p>Extraits du concert (\u00e0 l&rsquo;\u00e9t\u00e9 2021, donc encore avec masques&#8230;.):<\/p>\n\n\n\n<figure class=\"wp-block-embed is-type-video is-provider-youtube wp-block-embed-youtube wp-embed-aspect-16-9 wp-has-aspect-ratio\"><div class=\"wp-block-embed__wrapper\">\n<div class=\"nv-iframe-embed\"><iframe loading=\"lazy\" title=\"Concert Piano Solo &quot;Ecume de Mai&quot; Christofer Bjurstr\u00f6m\" width=\"1200\" height=\"675\" src=\"https:\/\/www.youtube.com\/embed\/qqQOCXjMl3E?feature=oembed\" frameborder=\"0\" allow=\"accelerometer; autoplay; clipboard-write; encrypted-media; gyroscope; picture-in-picture; web-share\" referrerpolicy=\"strict-origin-when-cross-origin\" allowfullscreen><\/iframe><\/div>\n<\/div><\/figure>\n\n\n\n<p>Ci-dessous vous pouvez voir unte interpr\u00e9tation video par Jean-Alain Kerdraon du \u00ab\u00a0Fleuve de l&rsquo;Exil\u00a0\u00bb \u00e0 partir du morceau de l&rsquo;album Ecume de Mai:<\/p>\n\n\n\n<figure class=\"wp-block-embed is-type-video is-provider-youtube wp-block-embed-youtube wp-embed-aspect-16-9 wp-has-aspect-ratio\"><div class=\"wp-block-embed__wrapper\">\n<div class=\"nv-iframe-embed\"><iframe loading=\"lazy\" title=\"&quot;Le fleuve de l&#039;Exil&quot; vu par Jean-Alain Kerdraon\" width=\"1200\" height=\"675\" src=\"https:\/\/www.youtube.com\/embed\/w8RUP-cLUms?feature=oembed\" frameborder=\"0\" allow=\"accelerometer; autoplay; clipboard-write; encrypted-media; gyroscope; picture-in-picture; web-share\" referrerpolicy=\"strict-origin-when-cross-origin\" allowfullscreen><\/iframe><\/div>\n<\/div><figcaption class=\"wp-element-caption\">Le Fleuve de l&rsquo;Exil &#8211; cr\u00e9ation video de Jean-Alain Kerdraon<\/figcaption><\/figure>\n\n\n\n<p>Ci-dessous, la video d&rsquo;une \u00e9tape de travail du concert augment\u00e9 \u00ab\u00a0Ecume de Mai\u00a0\u00bb:<\/p>\n\n\n\n<ul class=\"wp-block-list\">\n<li><\/li>\n<\/ul>\n\n\n\n<figure class=\"wp-block-embed is-type-video is-provider-youtube wp-block-embed-youtube wp-embed-aspect-16-9 wp-has-aspect-ratio\"><div class=\"wp-block-embed__wrapper\">\n<div class=\"nv-iframe-embed\"><iframe loading=\"lazy\" title=\"Concert Piano Solo L&#039;Ecume de mai \/ Christofer Bjurstr\u00f6m - Etape de travail 1\" width=\"1200\" height=\"675\" src=\"https:\/\/www.youtube.com\/embed\/6dErhYJZ4S8?feature=oembed\" frameborder=\"0\" allow=\"accelerometer; autoplay; clipboard-write; encrypted-media; gyroscope; picture-in-picture\" allowfullscreen><\/iframe><\/div>\n<\/div><\/figure>\n\n\n\n<p class=\"has-medium-font-size\">L&rsquo;album \u00ab\u00a0Ecume de Mai\u00a0\u00bb pr\u00e9sentant ce nouveau r\u00e9pertoire a \u00e9t\u00e9 enregistr\u00e9 en juin 2020 et est disponible sur le <a rel=\"noreferrer noopener\" href=\"https:\/\/mzrecords.eu\/index.php\/mar-011-ecume-de-mai\/\" target=\"_blank\">site de Mz Records<\/a>.<\/p>\n\n\n\n<p><\/p>\n\n\n\n<p>Par ailleurs, Christofer Bjurstr\u00f6m publie \u00e9galement un vlog musical : <a href=\"https:\/\/www.cbjurstrom.eu\/index.php\/vlog-musical-le-monde-en-echo\/\" target=\"_blank\" rel=\"noreferrer noopener\">Le Monde en Echo<\/a><\/p>\n","protected":false},"excerpt":{"rendered":"<p>Dans son travail de piano solo, Christofer Bjurstr\u00f6m poursuit une sorte de dialogue intime, un voyage dans diff\u00e9rents univers qui cohabitent \u00e0 l&rsquo;int\u00e9rieur de sa t\u00eate, une fascination pour le silence et les reflets du soleil dans l&rsquo;eau, une tension parfois \u00e9ruptive\u2026. Concert Piano Solo : Ecume de Mai L\u2019\u00e9cume de mai est un ph\u00e9nom\u00e8ne&hellip;&nbsp;<\/p>\n","protected":false},"author":1,"featured_media":10503,"parent":0,"menu_order":0,"comment_status":"closed","ping_status":"closed","template":"","meta":{"neve_meta_sidebar":"","neve_meta_container":"","neve_meta_enable_content_width":"","neve_meta_content_width":0,"neve_meta_title_alignment":"","neve_meta_author_avatar":"","neve_post_elements_order":"","neve_meta_disable_header":"","neve_meta_disable_footer":"","neve_meta_disable_title":"","footnotes":""},"class_list":["post-23","page","type-page","status-publish","has-post-thumbnail","hentry"],"_links":{"self":[{"href":"https:\/\/www.cbjurstrom.eu\/index.php\/wp-json\/wp\/v2\/pages\/23","targetHints":{"allow":["GET"]}}],"collection":[{"href":"https:\/\/www.cbjurstrom.eu\/index.php\/wp-json\/wp\/v2\/pages"}],"about":[{"href":"https:\/\/www.cbjurstrom.eu\/index.php\/wp-json\/wp\/v2\/types\/page"}],"author":[{"embeddable":true,"href":"https:\/\/www.cbjurstrom.eu\/index.php\/wp-json\/wp\/v2\/users\/1"}],"replies":[{"embeddable":true,"href":"https:\/\/www.cbjurstrom.eu\/index.php\/wp-json\/wp\/v2\/comments?post=23"}],"version-history":[{"count":32,"href":"https:\/\/www.cbjurstrom.eu\/index.php\/wp-json\/wp\/v2\/pages\/23\/revisions"}],"predecessor-version":[{"id":11280,"href":"https:\/\/www.cbjurstrom.eu\/index.php\/wp-json\/wp\/v2\/pages\/23\/revisions\/11280"}],"wp:featuredmedia":[{"embeddable":true,"href":"https:\/\/www.cbjurstrom.eu\/index.php\/wp-json\/wp\/v2\/media\/10503"}],"wp:attachment":[{"href":"https:\/\/www.cbjurstrom.eu\/index.php\/wp-json\/wp\/v2\/media?parent=23"}],"curies":[{"name":"wp","href":"https:\/\/api.w.org\/{rel}","templated":true}]}}