{"id":218,"date":"2020-10-19T18:37:23","date_gmt":"2020-10-19T16:37:23","guid":{"rendered":"https:\/\/cbjurstrom.eu\/cbj\/?page_id=218"},"modified":"2025-09-11T16:56:03","modified_gmt":"2025-09-11T14:56:03","slug":"les-films-de-buster-keaton","status":"publish","type":"page","link":"https:\/\/www.cbjurstrom.eu\/index.php\/les-films-de-buster-keaton\/","title":{"rendered":"Les Films de Buster Keaton"},"content":{"rendered":"\n<p>A la fois auguste et clown blanc, inspirateur des surr\u00e9alistes europ\u00e9ens, Buster Keaton a construit le h\u00e9ros le plus inattendu et le plus dr\u00f4le du cin\u00e9ma burlesque.<\/p>\n\n\n\n<p>Son personnage imperturbable se d\u00e9bat contre l\u2019adversit\u00e9 dans des tourbillons de situations absurdes dont il se tire toujours avec brio et humour.<\/p>\n\n\n\n<p>Christofer Bjurstr\u00f6m propose 11 films long m\u00e9trage de Buster Keaton, dans des orchestrations diverses&nbsp;:<\/p>\n\n\n\n<ul class=\"wp-block-list\">\n<li>Cin\u00e9-Concert <a href=\"https:\/\/www.cbjurstrom.eu\/index.php\/le-cameraman-copie-non-disponible\">Le Cameraman<\/a> de Buster Keaton (1928)<br><strong>Un jeune maladroit essaie d\u00e9sesp\u00e9r\u00e9ment de devenir reporter pour conqu\u00e9rir le coeur de sa belle&#8230;. Un des films les plus touchants de Buster Keaton.<\/strong><br>1 musicien \/ d\u00e8s 6 ans<\/li>\n\n\n\n<li>Cin\u00e9-Concert <a href=\"https:\/\/www.cbjurstrom.eu\/index.php\/college-campus\/\">College (Sportif par amour)<\/a> de Buster Keaton (USA 1927)<br><strong>Quand Buster s\u2019essaie \u00e0 l\u2019athl\u00e9tisme pour l\u2019amour de sa belle<\/strong><br>2 musiciens \/ d\u00e8s 6 ans<\/li>\n\n\n\n<li>Cin\u00e9-Concert <a rel=\"noreferrer noopener\" href=\"https:\/\/cbjurstrom.eu\/index.php\/le-dernier-round-battling-butler\/\" target=\"_blank\">Le Dernier Round<\/a> de Buster Keaton (USA, 1926)<br><strong>Buster Keaton doit faire croire \u00e0 sa fianc\u00e9e qu\u2019il est champion de boxe.<\/strong><br>1 musicien \/ d\u00e8s 6 ans<\/li>\n\n\n\n<li>Cin\u00e9-Concert <a href=\"https:\/\/www.cbjurstrom.eu\/index.php\/fiancees-en-folie-seven-chances\/\">Fianc\u00e9es en Folie (Seven Chances)<\/a> de Buster Keaton (USA, 1925)<br><strong>Pour toucher un h\u00e9ritage, Buster doit se marier rapidement. Il passe une annonce&#8230;&#8230;.<\/strong><br>1 ou 2 musiciens \/ d\u00e8s 6 ans<\/li>\n\n\n\n<li>Cin\u00e9-Concert <a href=\"https:\/\/www.cbjurstrom.eu\/index.php\/les-lois-de-lhospitalite\/\">Les lois de l\u2019hospitalit\u00e9<\/a> de Buster Keaton (USA, 1923)<br><strong>Des clans rivaux. Mais les lois de l\u2019hospitalit\u00e9 sont sacr\u00e9es, \u00e0 condition de ne pas s\u2019\u00e9loigner&#8230;&#8230;&#8230;.<\/strong><br>piano solo \/ d\u00e8s 6 ans<\/li>\n\n\n\n<li>Cin\u00e9-Concert <a href=\"https:\/\/www.cbjurstrom.eu\/index.php\/le-mecano-de-la-general\/\">Le M\u00e9cano de la General<\/a> de Buster Keaton (USA, 1926)<br><strong>Une \u00e9pop\u00e9e burlesque pendant la guerre de s\u00e9cession<\/strong><br>2 ou 3 musiciens \/ d\u00e8s 6 ans<\/li>\n\n\n\n<li>Cin\u00e9-Concert <a href=\"https:\/\/www.cbjurstrom.eu\/index.php\/la-croisiere-du-navigator\/\">La Croisi\u00e8re du Navigator<\/a> de Buster Keaton (1924)<br><strong>Deux jeunes gens qui ne savent rien faire de leurs dix doigts se retrouvent seuls sur un paquebot \u00e0 la d\u00e9rive&#8230;<\/strong><br>3 musiciens \/ d\u00e8s 6 ans<\/li>\n\n\n\n<li>Cin\u00e9-Concert <a rel=\"noreferrer noopener\" href=\"https:\/\/www.cbjurstrom.eu\/index.php\/sherlock-junior\/\" target=\"_blank\">Sherlock Junior<\/a>, de Buster Keaton (USA, 1924)<br><strong>Projectionniste timide et injustement accus\u00e9 de vol, Buster m\u00e8ne l\u2019enqu\u00eate \u00e0 sa mani\u00e8re et entre dans le film qu\u2019il projette\u2026<\/strong><br>piano solo \/ d\u00e8s 7 ans<\/li>\n\n\n\n<li>Cin\u00e9-Concert <a href=\"https:\/\/www.cbjurstrom.eu\/index.php\/steamboat-bill-junior\/\">Steamboat Bill Junior<\/a> (Cadet d&rsquo;Eau Douce) de Buster Keaton (1924)<br><strong>Le Mississipi et Buster Keaton aux prises avec un ouragan\u00a0: un film tendre et \u00e0 se tordre de rire<\/strong><br>4 musiciens \/ d\u00e8s 7 ans<\/li>\n\n\n\n<li>Cin\u00e9-Concert <a href=\"https:\/\/www.cbjurstrom.eu\/index.php\/les-trois-ages\/\">Les Trois Ages<\/a> de Buster Keaton (1923)<br><strong>La rivalit\u00e9 amoureuse \u00e0 l\u2019Ages de Pierre, \u00e0 l\u2019\u00e9poque romaine, et en Am\u00e9rique dans les ann\u00e9es 1920, vue par Buster Keaton. Une belle parodie de Griffith.<\/strong><br>3 musiciens \/ d\u00e8s 7 ans<\/li>\n\n\n\n<li>Cin\u00e9-Concert <a rel=\"noreferrer noopener\" href=\"https:\/\/www.cbjurstrom.eu\/index.php\/ma-vache-et-moi-go-west\/\" target=\"_blank\">Ma Vache et moi<\/a> (Go West) de Buster Keaton (1925)<br><strong>Le coup de foudre entre une vache et un jeune homme solitaire dans l&rsquo;Ouest des Etats-Unis<\/strong><br>1 ou 2 musiciens \/ d\u00e8s 7 ans<\/li>\n<\/ul>\n","protected":false},"excerpt":{"rendered":"<p>A la fois auguste et clown blanc, inspirateur des surr\u00e9alistes europ\u00e9ens, Buster Keaton a construit le h\u00e9ros le plus inattendu et le plus dr\u00f4le du cin\u00e9ma burlesque. Son personnage imperturbable se d\u00e9bat contre l\u2019adversit\u00e9 dans des tourbillons de situations absurdes dont il se tire toujours avec brio et humour. Christofer Bjurstr\u00f6m propose 11 films long&hellip;&nbsp;<\/p>\n","protected":false},"author":1,"featured_media":10827,"parent":0,"menu_order":0,"comment_status":"closed","ping_status":"closed","template":"","meta":{"neve_meta_sidebar":"","neve_meta_container":"","neve_meta_enable_content_width":"","neve_meta_content_width":0,"neve_meta_title_alignment":"","neve_meta_author_avatar":"","neve_post_elements_order":"","neve_meta_disable_header":"","neve_meta_disable_footer":"","neve_meta_disable_title":"","footnotes":""},"class_list":["post-218","page","type-page","status-publish","has-post-thumbnail","hentry"],"_links":{"self":[{"href":"https:\/\/www.cbjurstrom.eu\/index.php\/wp-json\/wp\/v2\/pages\/218","targetHints":{"allow":["GET"]}}],"collection":[{"href":"https:\/\/www.cbjurstrom.eu\/index.php\/wp-json\/wp\/v2\/pages"}],"about":[{"href":"https:\/\/www.cbjurstrom.eu\/index.php\/wp-json\/wp\/v2\/types\/page"}],"author":[{"embeddable":true,"href":"https:\/\/www.cbjurstrom.eu\/index.php\/wp-json\/wp\/v2\/users\/1"}],"replies":[{"embeddable":true,"href":"https:\/\/www.cbjurstrom.eu\/index.php\/wp-json\/wp\/v2\/comments?post=218"}],"version-history":[{"count":8,"href":"https:\/\/www.cbjurstrom.eu\/index.php\/wp-json\/wp\/v2\/pages\/218\/revisions"}],"predecessor-version":[{"id":10867,"href":"https:\/\/www.cbjurstrom.eu\/index.php\/wp-json\/wp\/v2\/pages\/218\/revisions\/10867"}],"wp:featuredmedia":[{"embeddable":true,"href":"https:\/\/www.cbjurstrom.eu\/index.php\/wp-json\/wp\/v2\/media\/10827"}],"wp:attachment":[{"href":"https:\/\/www.cbjurstrom.eu\/index.php\/wp-json\/wp\/v2\/media?parent=218"}],"curies":[{"name":"wp","href":"https:\/\/api.w.org\/{rel}","templated":true}]}}