{"id":169,"date":"2020-10-16T19:50:53","date_gmt":"2020-10-16T17:50:53","guid":{"rendered":"http:\/\/cbjurstrom.eu\/cbj\/?page_id=169"},"modified":"2025-09-11T17:49:39","modified_gmt":"2025-09-11T15:49:39","slug":"la-compagnie-marmouzic","status":"publish","type":"page","link":"https:\/\/www.cbjurstrom.eu\/index.php\/la-compagnie-marmouzic\/","title":{"rendered":"La Compagnie Marmouzic"},"content":{"rendered":"\n<div class=\"wp-block-themeisle-blocks-advanced-columns has-undefined-columns has-desktop-undefined-layout has-tablet-equal-layout has-mobile-equal-layout has-default-gap has-vertical-unset\" id=\"wp-block-themeisle-blocks-advanced-columns-659b042f\"><div class=\"wp-block-themeisle-blocks-advanced-columns-overlay\"><\/div><div class=\"innerblocks-wrap\"><\/div><\/div>\n\n\n\n<p>La com\u00e9dienne Catherine Le Flochmoan et le musicien Christofer Bjurstr\u00f6m, codirecteurs de la Compagnie Marmouzic, allient leur go\u00fbt pour le th\u00e9\u00e2tre, la musique vivante et le septi\u00e8me art et s&rsquo;adressent ainsi aux plus jeunes \u00e0 travers des spectacles originaux alliant plusieurs formes artistiques.<\/p>\n\n\n\n<h2 class=\"wp-block-heading\"><strong>Des spectacles Jeune Public m\u00ealant images, th\u00e9\u00e2tre et musique vivante.<\/strong> <\/h2>\n\n\n\n<p><\/p>\n\n\n\n<ul class=\"wp-block-list\"><li>\u00ab\u00a0<a rel=\"noreferrer noopener\" href=\"https:\/\/www.marmouzic.org\/index.php\/lemysterebigoulet\/\" target=\"_blank\">Livre-Concert Le Myst\u00e8re Bigoulet<\/a>\u00a0\u00bb <br>de 3 \u00e0 99 ans et plus\u2026.<br>Tout se passe dans une \u00e9trange biblioth\u00e8que \u00e9clair\u00e9e d\u2019une douce lumi\u00e8re. Soudain, sur les rayons de la biblioth\u00e8que, des images s\u2019animent, la musique na\u00eet\u2026 et l\u2019histoire commence :<br><em>\u00abUne nuit, alors qu\u2019elle enfilait sa chemise de nuit, Mine entendit un petit bruit. C\u2019\u00e9tait un petit bruit de rien du tout. Mais lorsque sa t\u00eate ressortit de sa chemise, elle n\u2019\u00e9tait plus dans sa chambre. Elle \u00e9tait dans un pays qu\u2019elle ne connaissait pas et qui \u00e9tait vide, blanc et plat\u2026\u00bb.<\/em><br>Rien ne va plus, toutes les histoires du monde se sont arr\u00eat\u00e9es et sont en train de s\u2019effacer.<br>La petite Mine et son ami l\u2019Ecoute-aux-portes, vont tenter de percer le myst\u00e8re et d\u2019arr\u00eater la grande disparition\u2026..<br>Une enqu\u00eate digne d\u2019une grande \u00e9pop\u00e9e \u00e0 la recherche de l\u2019histoire arr\u00eat\u00e9e !<br><br>Sur sc\u00e8ne la musique de Christofer Bjurstr\u00f6m et Fran\u00e7ois Malet, les mots de Claude Ponti servis par Catherine le Flochmoan, le film d\u2019animation de Jean-Alain Kerdraon, vous entra\u00eenent dans l\u2019aventure du Myst\u00e8re Bigoulet.<\/li><\/ul>\n\n\n\n<ul class=\"wp-block-list\"><li>\u00ab\u00a0<a rel=\"noreferrer noopener\" href=\"http:\/\/www.marmouzic.org\/index.php?page=jeune-public&amp;ssmenu=Nord\" target=\"_blank\">VOYAGE DANS LE GRAND NORD<\/a>\u00a0\u00bb <br>de 2 \u00e0 99 ans et plus\u2026.<br>Une saison culturelle dans l&rsquo;imaginaire du Grand Nord et de la Scandinavie : C&rsquo;est ce que vous proposent Christofer Bjurstr\u00f6m et Catherine Le Flochmoan, \u00e0 travers tout une s\u00e9rie de spectacles et animations destin\u00e9s aux plus jeunes comme aux adultes.<\/li><li><strong><a rel=\"noreferrer noopener\" href=\"http:\/\/www.marmouzic.org\/index.php?page=jeune-public&amp;ssmenu=OKALIK\" target=\"_blank\">OKALIK, LE GRAND CHASSEUR INUIT<\/a><\/strong><br><strong>d\u00e8s 5ans<\/strong><br>Une aventure myst\u00e9rieuse dans les \u00e9tendues glac\u00e9es de l&rsquo;arctique! Sila la vieille conteuse inuit nous conte avec humour, en chansons et en images, l&rsquo;histoire de son grand-p\u00e8re qui eu la chance de vivre 2 vies.<\/li><li><strong><a rel=\"noreferrer noopener\" href=\"http:\/\/www.marmouzic.org\/index.php?page=jeune-public&amp;ssmenu=CCInuit\" target=\"_blank\">CINE-CONCERT INUIT POUR PETITES CHOUETTES <\/a><\/strong><br><strong>d\u00e8s 2 ans<\/strong><br>Un musicien, une conteuse-chanteuse et trois petits films inuit pour un voyage ludique et souriant\u2026.<\/li><li><strong><a rel=\"noreferrer noopener\" href=\"http:\/\/www.marmouzic.org\/index.php?page=jeune-public&amp;ssmenu=Ponti\" target=\"_blank\">Livre-Concert LE VOYAGE D&rsquo;HIPOLLENE<\/a><\/strong><br><strong>d\u00e8s 2 ans<br>d&rsquo;apr\u00e8s le livre \u00ab\u00a0L&rsquo;Arbre Sans Fin\u00a0\u00bb de Claude Ponti<\/strong><br>Un voyage musical, cin\u00e9matographique, cont\u00e9 et chant\u00e9 dans l&rsquo;univers merveilleux et po\u00e9tique de Claude Ponti. D\u00e8s 2 ans.<br><strong>Chroniqu\u00e9 TTT dans T\u00e9l\u00e9rama: \u00abon aime passionn\u00e9ment \u00bb!<\/strong><br>Le Livre-CD du spectacle est en vente aupr\u00e8s de la Compagnie Marmouzic et sur le site des \u00ab Allum\u00e9s du Jazz \u00bb<\/li><li><strong><a rel=\"noreferrer noopener\" href=\"http:\/\/www.marmouzic.org\/index.php?page=jeune-public&amp;ssmenu=voleur\" target=\"_blank\">Cin\u00e9-Concert-Conte LE VOLEUR ET LA PRINCESSE<\/a><\/strong><br><strong>d\u00e8s 3 ans<\/strong><br>Le\u00efla, voyageuse et conteuse venue du Bagdad des Mille et une nuits, entra\u00eene le public dans l&rsquo;univers f\u00e9erique des contes orientaux et nous conte l&rsquo;histoire d&rsquo;Ahmed, le c\u00e9l\u00e8bre voleur de Bagdad en compagnie de 2 musiciens, de quelques marionnettes et de la version courte du film \u00ab Le voleur de Bagdad \u00bb de 1924.<\/li><\/ul>\n\n\n\n<h3 class=\"wp-block-heading\"><strong><a rel=\"noreferrer noopener\" href=\"http:\/\/www.marmouzic.org\" target=\"_blank\">Voir le site de la Compagnie Marmouzic pour plus d&rsquo;informations <\/a><\/strong><\/h3>\n","protected":false},"excerpt":{"rendered":"<p>La com\u00e9dienne Catherine Le Flochmoan et le musicien Christofer Bjurstr\u00f6m, codirecteurs de la Compagnie Marmouzic, allient leur go\u00fbt pour le th\u00e9\u00e2tre, la musique vivante et le septi\u00e8me art et s&rsquo;adressent ainsi aux plus jeunes \u00e0 travers des spectacles originaux alliant plusieurs formes artistiques. Des spectacles Jeune Public m\u00ealant images, th\u00e9\u00e2tre et musique vivante. \u00ab\u00a0Livre-Concert Le&hellip;&nbsp;<\/p>\n","protected":false},"author":1,"featured_media":10718,"parent":0,"menu_order":0,"comment_status":"closed","ping_status":"closed","template":"","meta":{"neve_meta_sidebar":"","neve_meta_container":"","neve_meta_enable_content_width":"","neve_meta_content_width":0,"neve_meta_title_alignment":"","neve_meta_author_avatar":"","neve_post_elements_order":"","neve_meta_disable_header":"","neve_meta_disable_footer":"","neve_meta_disable_title":"","footnotes":""},"class_list":["post-169","page","type-page","status-publish","has-post-thumbnail","hentry"],"_links":{"self":[{"href":"https:\/\/www.cbjurstrom.eu\/index.php\/wp-json\/wp\/v2\/pages\/169","targetHints":{"allow":["GET"]}}],"collection":[{"href":"https:\/\/www.cbjurstrom.eu\/index.php\/wp-json\/wp\/v2\/pages"}],"about":[{"href":"https:\/\/www.cbjurstrom.eu\/index.php\/wp-json\/wp\/v2\/types\/page"}],"author":[{"embeddable":true,"href":"https:\/\/www.cbjurstrom.eu\/index.php\/wp-json\/wp\/v2\/users\/1"}],"replies":[{"embeddable":true,"href":"https:\/\/www.cbjurstrom.eu\/index.php\/wp-json\/wp\/v2\/comments?post=169"}],"version-history":[{"count":2,"href":"https:\/\/www.cbjurstrom.eu\/index.php\/wp-json\/wp\/v2\/pages\/169\/revisions"}],"predecessor-version":[{"id":10274,"href":"https:\/\/www.cbjurstrom.eu\/index.php\/wp-json\/wp\/v2\/pages\/169\/revisions\/10274"}],"wp:featuredmedia":[{"embeddable":true,"href":"https:\/\/www.cbjurstrom.eu\/index.php\/wp-json\/wp\/v2\/media\/10718"}],"wp:attachment":[{"href":"https:\/\/www.cbjurstrom.eu\/index.php\/wp-json\/wp\/v2\/media?parent=169"}],"curies":[{"name":"wp","href":"https:\/\/api.w.org\/{rel}","templated":true}]}}