{"id":11089,"date":"2024-05-29T16:24:08","date_gmt":"2024-05-29T14:24:08","guid":{"rendered":"https:\/\/www.cbjurstrom.eu\/?page_id=11089"},"modified":"2025-02-04T17:29:04","modified_gmt":"2025-02-04T16:29:04","slug":"en-muet-fais-ce-quil-te-plait-le-cine-concert-a-la-carte","status":"publish","type":"page","link":"https:\/\/www.cbjurstrom.eu\/index.php\/en-muet-fais-ce-quil-te-plait-le-cine-concert-a-la-carte\/","title":{"rendered":"En muet, fais ce qu&rsquo;il te pla\u00eet, le cin\u00e9-concert \u00e0 la carte"},"content":{"rendered":"\n<p>Une fa\u00e7on de d\u00e9couvrir ou de (re)d\u00e9couvrir les films muets et les principaux acteurs de cette p\u00e9riode, cela peut \u00eatre aussi de programmer une s\u00e9rie de court-m\u00e9trages: nous en avons un large r\u00e9pertoire, que nous pouvons proposer, \u00e9ventuellement avec des commentaires ou des explications.:<\/p>\n\n\n\n<ul class=\"wp-block-list\">\n<li><strong>En piano solo<\/strong> \/ En mini-conf\u00e9rence<\/li>\n\n\n\n<li><strong>En duo piano-voix<\/strong> \/ En mini-conf\u00e9rence \u00e0 2<\/li>\n\n\n\n<li><strong>En duo piano\/batterie ou piano\/contrebasse<\/strong> \/ En mini-conf\u00e9rence avec 2 instrumentistes<\/li>\n<\/ul>\n\n\n\n<p>Les films courts que nous pouvons proposer sont tr\u00e8s nombreux, et on peut les regrouper par th\u00e8mes, comme (\u00e0 titre d&rsquo;exemple)<\/p>\n\n\n\n<ul class=\"wp-block-list\">\n<li>Les trois grands du cin\u00e9ma burlesque<\/li>\n\n\n\n<li>Quand le batiment va, tout va&#8230;.<\/li>\n\n\n\n<li>Contes et fables<\/li>\n\n\n\n<li>Les inventions loufoques<\/li>\n<\/ul>\n\n\n\n<p>Et nous pouvons construire avec vous un programme \u00ab\u00a0\u00e0 la carte\u00a0\u00bb correspondant \u00e0 votre th\u00e9matique.<\/p>\n\n\n\n<p>Listes non exhaustive des films courts:<\/p>\n\n\n\n<ul class=\"wp-block-list\">\n<li>L&rsquo;Emigrant (Chaplin)<\/li>\n\n\n\n<li>Easy Street (Chaplin)<\/li>\n\n\n\n<li>Charlot patine (Chaplin) <\/li>\n\n\n\n<li>La maison d\u00e9montable (Keaton) <\/li>\n\n\n\n<li>La maison \u00e9lectrique (Keaton) (22&rsquo;30)<\/li>\n\n\n\n<li>La fi\u00e8vre des \u00e9checs (Poudovkine)<\/li>\n\n\n\n<li>Le myst\u00e8re des Poissons Sauteurs (Douglas Fairbanks)<\/li>\n\n\n\n<li>Les conditions particuli\u00e8res de la Circulation Parisienne<\/li>\n\n\n\n<li>Charlot rentre tard (Chaplin) (22&rsquo;30)<\/li>\n\n\n\n<li>KoKo dessinateur (Max Fleisher, USA, 1925) (8&rsquo;06)<\/li>\n\n\n\n<li>Le Sorcier Arabe (Segundo de Chomon, Espagne, 1906) (2&rsquo;53)<\/li>\n\n\n\n<li>Le Cauchemar de l\u2019Amateur de Fondue au Chester (USA, 1906)  (7&prime;)<\/li>\n\n\n\n<li>La pause de midi (The Noon Whistle) (George Jeske, avec Stan Laurel, 1923) (11&prime;)<\/li>\n\n\n\n<li>Lizzies of the field (Mack Sennett, 1920) (10&rsquo;20)<\/li>\n\n\n\n<li>Madame Cent kilos a chaud (Italie, 1910) (5&rsquo;40)<\/li>\n\n\n\n<li>Poucette, de Lotte Reiniger<\/li>\n\n\n\n<li>La Cigale et la Fourmi de Lotte Reiniger (8&rsquo;40)<\/li>\n\n\n\n<li>Le Petit Chaperon Rouge, de Walter Lantz (8&prime;)<\/li>\n\n\n\n<li>Hansel et Gretel (Lotte Reiniger)<\/li>\n\n\n\n<li>Blanche Neige et Rouge Rose (Lotte Reiniger)<\/li>\n\n\n\n<li>La Belle au bois dormant (Lotte Reiniger)<\/li>\n\n\n\n<li><strong>Le mariage du hibou&nbsp;: une l\u00e9gende eskimo<\/strong> (Caroline Leaf)<\/li>\n\n\n\n<li><strong>Le hibou et le corbeau&nbsp;: une l\u00e9gende eskimo<\/strong> (Coe Hoedeman)<\/li>\n\n\n\n<li><strong>Le hibou et le lemming&nbsp;: une l\u00e9gende eskimo<\/strong> (Coe Hoedeman)<\/li>\n\n\n\n<li>etc&#8230;&#8230;<\/li>\n<\/ul>\n","protected":false},"excerpt":{"rendered":"<p>Une fa\u00e7on de d\u00e9couvrir ou de (re)d\u00e9couvrir les films muets et les principaux acteurs de cette p\u00e9riode, cela peut \u00eatre aussi de programmer une s\u00e9rie de court-m\u00e9trages: nous en avons un large r\u00e9pertoire, que nous pouvons proposer, \u00e9ventuellement avec des commentaires ou des explications.: Les films courts que nous pouvons proposer sont tr\u00e8s nombreux, et&hellip;&nbsp;<\/p>\n","protected":false},"author":1,"featured_media":10542,"parent":0,"menu_order":0,"comment_status":"closed","ping_status":"closed","template":"","meta":{"neve_meta_sidebar":"","neve_meta_container":"","neve_meta_enable_content_width":"","neve_meta_content_width":0,"neve_meta_title_alignment":"","neve_meta_author_avatar":"","neve_post_elements_order":"","neve_meta_disable_header":"","neve_meta_disable_footer":"","neve_meta_disable_title":"","footnotes":""},"class_list":["post-11089","page","type-page","status-publish","has-post-thumbnail","hentry"],"_links":{"self":[{"href":"https:\/\/www.cbjurstrom.eu\/index.php\/wp-json\/wp\/v2\/pages\/11089","targetHints":{"allow":["GET"]}}],"collection":[{"href":"https:\/\/www.cbjurstrom.eu\/index.php\/wp-json\/wp\/v2\/pages"}],"about":[{"href":"https:\/\/www.cbjurstrom.eu\/index.php\/wp-json\/wp\/v2\/types\/page"}],"author":[{"embeddable":true,"href":"https:\/\/www.cbjurstrom.eu\/index.php\/wp-json\/wp\/v2\/users\/1"}],"replies":[{"embeddable":true,"href":"https:\/\/www.cbjurstrom.eu\/index.php\/wp-json\/wp\/v2\/comments?post=11089"}],"version-history":[{"count":3,"href":"https:\/\/www.cbjurstrom.eu\/index.php\/wp-json\/wp\/v2\/pages\/11089\/revisions"}],"predecessor-version":[{"id":11191,"href":"https:\/\/www.cbjurstrom.eu\/index.php\/wp-json\/wp\/v2\/pages\/11089\/revisions\/11191"}],"wp:featuredmedia":[{"embeddable":true,"href":"https:\/\/www.cbjurstrom.eu\/index.php\/wp-json\/wp\/v2\/media\/10542"}],"wp:attachment":[{"href":"https:\/\/www.cbjurstrom.eu\/index.php\/wp-json\/wp\/v2\/media?parent=11089"}],"curies":[{"name":"wp","href":"https:\/\/api.w.org\/{rel}","templated":true}]}}