{"id":10907,"date":"2023-08-29T17:22:13","date_gmt":"2023-08-29T15:22:13","guid":{"rendered":"https:\/\/www.cbjurstrom.eu\/?page_id=10907"},"modified":"2024-02-29T17:45:42","modified_gmt":"2024-02-29T16:45:42","slug":"cine-concert-contes-et-silhouettes","status":"publish","type":"page","link":"https:\/\/www.cbjurstrom.eu\/index.php\/cine-concert-contes-et-silhouettes\/","title":{"rendered":"Cin\u00e9-Concert \u00ab\u00a0Contes et Silhouettes\u00a0\u00bb"},"content":{"rendered":"\n<h2 class=\"wp-block-heading\"><strong>CREATION 2023<\/strong><\/h2>\n\n\n\n<p>4 films courts de <strong>Lotte Reiniger <\/strong><br>Musique de <strong>Christofer Bjurstr\u00f6m<\/strong><\/p>\n\n\n\n<p><strong>Catherine Le Flochmoan<\/strong>: conte, chant, shruti box et objets sonores<br><strong>Christofer Bjurstr\u00f6m<\/strong>: piano, fl\u00fbtes<\/p>\n\n\n\n<p><strong>Tout public \u00e0 partir de 4 ans.<\/strong><br>Dur\u00e9e: 43 mn &#8211; DCP \/ Video<\/p>\n\n\n\n<div class=\"wp-block-media-text alignwide is-stacked-on-mobile is-vertically-aligned-center\"><figure class=\"wp-block-media-text__media\"><img loading=\"lazy\" decoding=\"async\" width=\"1024\" height=\"643\" src=\"https:\/\/www.cbjurstrom.eu\/wp-content\/uploads\/Contes-et-Silhouettes-2-rec-comp-1024x643.jpg\" alt=\"\" class=\"wp-image-11044 size-full\" srcset=\"https:\/\/www.cbjurstrom.eu\/wp-content\/uploads\/Contes-et-Silhouettes-2-rec-comp-1024x643.jpg 1024w, https:\/\/www.cbjurstrom.eu\/wp-content\/uploads\/Contes-et-Silhouettes-2-rec-comp-300x188.jpg 300w, https:\/\/www.cbjurstrom.eu\/wp-content\/uploads\/Contes-et-Silhouettes-2-rec-comp-768x482.jpg 768w, https:\/\/www.cbjurstrom.eu\/wp-content\/uploads\/Contes-et-Silhouettes-2-rec-comp.jpg 1280w\" sizes=\"auto, (max-width: 1024px) 100vw, 1024px\" \/><\/figure><div class=\"wp-block-media-text__content\">\n<p>La r\u00e9alisatrice Lotte Reiniger, ma\u00eetresse incontest\u00e9e du film en silhouettes d\u00e9coup\u00e9es a r\u00e9alis\u00e9 ces 4 court-m\u00e9trages d&rsquo;animation dans les ann\u00e9es 1950, des ann\u00e9es apr\u00e8s son monumental \u00ab\u00a0Les Aventures du Prince Ahmed\u00a0\u00bb.<br> <br><em>\u00ab Les films de Lotte Reiniger sont comme de la po\u00e9sie en mouvement. La fa\u00e7on dont elle tisse des silhouettes complexes pour cr\u00e9er des r\u00e9cits magnifiques est une v\u00e9ritable source d\u2019inspiration. \u00bb (Hayao Miyazaki)<\/em><\/p>\n<\/div><\/div>\n\n\n\n<h2 class=\"wp-block-heading\">LES FILMS<\/h2>\n\n\n\n<div class=\"wp-block-media-text is-stacked-on-mobile\"><figure class=\"wp-block-media-text__media\"><img loading=\"lazy\" decoding=\"async\" width=\"1024\" height=\"759\" src=\"https:\/\/www.cbjurstrom.eu\/wp-content\/uploads\/Hansel-et-Gretel-02-1024x759.png\" alt=\"\" class=\"wp-image-10908 size-full\" srcset=\"https:\/\/www.cbjurstrom.eu\/wp-content\/uploads\/Hansel-et-Gretel-02-1024x759.png 1024w, https:\/\/www.cbjurstrom.eu\/wp-content\/uploads\/Hansel-et-Gretel-02-300x222.png 300w, https:\/\/www.cbjurstrom.eu\/wp-content\/uploads\/Hansel-et-Gretel-02-768x569.png 768w, https:\/\/www.cbjurstrom.eu\/wp-content\/uploads\/Hansel-et-Gretel-02.png 1443w\" sizes=\"auto, (max-width: 1024px) 100vw, 1024px\" \/><\/figure><div class=\"wp-block-media-text__content\">\n<p><strong>HANSEL ET GRETEL (1956)<\/strong><br>d\u2019apr\u00e8s un conte des fr\u00e8res Grimm<br><br>Hansel et Gretel se prom\u00e8nent imprudemment dans les bois. Ils tombent nez \u00e0 nez sur une maison aux murs en pain d\u2019\u00e9pice et au toit en p\u00e2te d\u2019amande. Alors<br>qu\u2019ils commencent \u00e0 grignoter la b\u00e2tisse, la sorci\u00e8re qui vivait l\u00e0 les emprisonne. Une oie et un intr\u00e9pide \u00e9cureuil vont venir \u00e0 leur rescousse\u2026<\/p>\n<\/div><\/div>\n\n\n\n<div class=\"wp-block-media-text has-media-on-the-right is-stacked-on-mobile\"><div class=\"wp-block-media-text__content\">\n<p><strong>LA BELLE AU BOIS DORMANT (1954<\/strong>) <br>d\u2019apr\u00e8s un conte de Charles Perrault<br><br>Pour f\u00eater la naissance de leur fille, un roi et sa reine invitent toutes les f\u00e9es du royaume \u00e0 festoyer. Toutes les f\u00e9es ? Non. Une f\u00e9e mal\u00e9fique est oubli\u00e9e. Aussi,quand elle apprend la nouvelle, la m\u00e9chante f\u00e9e veut se venger et ensorcelle la jeune princesse&#8230;<\/p>\n<\/div><figure class=\"wp-block-media-text__media\"><img loading=\"lazy\" decoding=\"async\" width=\"1024\" height=\"832\" src=\"https:\/\/www.cbjurstrom.eu\/wp-content\/uploads\/La-Belle-au-Bois-dormant-01-1024x832.png\" alt=\"\" class=\"wp-image-10909 size-full\" srcset=\"https:\/\/www.cbjurstrom.eu\/wp-content\/uploads\/La-Belle-au-Bois-dormant-01-1024x832.png 1024w, https:\/\/www.cbjurstrom.eu\/wp-content\/uploads\/La-Belle-au-Bois-dormant-01-300x244.png 300w, https:\/\/www.cbjurstrom.eu\/wp-content\/uploads\/La-Belle-au-Bois-dormant-01-768x624.png 768w, https:\/\/www.cbjurstrom.eu\/wp-content\/uploads\/La-Belle-au-Bois-dormant-01.png 1329w\" sizes=\"auto, (max-width: 1024px) 100vw, 1024px\" \/><\/figure><\/div>\n\n\n\n<div class=\"wp-block-media-text is-stacked-on-mobile\"><figure class=\"wp-block-media-text__media\"><img loading=\"lazy\" decoding=\"async\" width=\"1024\" height=\"752\" src=\"https:\/\/www.cbjurstrom.eu\/wp-content\/uploads\/Blanche-Neige-et-Rouge-Rose-01-1024x752.png\" alt=\"\" class=\"wp-image-10910 size-full\" srcset=\"https:\/\/www.cbjurstrom.eu\/wp-content\/uploads\/Blanche-Neige-et-Rouge-Rose-01-1024x752.png 1024w, https:\/\/www.cbjurstrom.eu\/wp-content\/uploads\/Blanche-Neige-et-Rouge-Rose-01-300x220.png 300w, https:\/\/www.cbjurstrom.eu\/wp-content\/uploads\/Blanche-Neige-et-Rouge-Rose-01-768x564.png 768w, https:\/\/www.cbjurstrom.eu\/wp-content\/uploads\/Blanche-Neige-et-Rouge-Rose-01.png 1425w\" sizes=\"auto, (max-width: 1024px) 100vw, 1024px\" \/><\/figure><div class=\"wp-block-media-text__content\">\n<p><strong>BLANCHE-NEIGE ET ROSE-ROUGE<\/strong> (1954)<br>d\u2019apr\u00e8s un conte des fr\u00e8res Grimm<br><br>Une pauvre femme vit dans une chaumi\u00e8re isol\u00e9e avec ses deux filles, Blanche-Neige et Rose-Rouge. Un hiver, elles accueillent chaleureusement un ours et lui permettent de passer l\u2019enti\u00e8re saison pr\u00e8s de leur<br>chemin\u00e9e. Le printemps venu, l\u2019ours leur avoue qu\u2019il est en r\u00e9alit\u00e9 un prince ensorcel\u00e9 par un m\u00e9chant nain. Tous trois se lancent alors \u00e0 la recherche de ce vilain petit homme afin de lui faire rompre son sort\u2026<\/p>\n<\/div><\/div>\n\n\n\n<div class=\"wp-block-media-text has-media-on-the-right is-stacked-on-mobile\"><div class=\"wp-block-media-text__content\">\n<p><strong>POUCETTE <\/strong>(1955)<br>d\u2019apr\u00e8s un conte de H.C. Andersen<br><br>Les tribulations de Poucette, ravissante petite f\u00e9e kidnapp\u00e9e par un m\u00e9chant crapaud puis forc\u00e9e \u00e0 se marier avec une taupe. Elle r\u00e9ussira \u00e0 s\u2019\u00e9chapper gr\u00e2ce<br>\u00e0 l\u2019aide d\u2019une amie hirondelle qui la m\u00e8nera droit dans les bras d\u2019un petit esprit\u2026<br><\/p>\n<\/div><figure class=\"wp-block-media-text__media\"><img loading=\"lazy\" decoding=\"async\" width=\"1024\" height=\"760\" src=\"https:\/\/www.cbjurstrom.eu\/wp-content\/uploads\/Poucette-01-1024x760.png\" alt=\"\" class=\"wp-image-10911 size-full\" srcset=\"https:\/\/www.cbjurstrom.eu\/wp-content\/uploads\/Poucette-01-1024x760.png 1024w, https:\/\/www.cbjurstrom.eu\/wp-content\/uploads\/Poucette-01-300x223.png 300w, https:\/\/www.cbjurstrom.eu\/wp-content\/uploads\/Poucette-01-768x570.png 768w, https:\/\/www.cbjurstrom.eu\/wp-content\/uploads\/Poucette-01.png 1427w\" sizes=\"auto, (max-width: 1024px) 100vw, 1024px\" \/><\/figure><\/div>\n\n\n\n<h2 class=\"wp-block-heading\">La Musique<\/h2>\n\n\n\n<p>Ces 4 petites merveilles d&rsquo;animation sont autant de tableaux diff\u00e9rents. Pour chacun de ces films, il s&rsquo;agit d&rsquo;une part de trouver la narration coh\u00e9rente avec les images, sans trop de bavardage, et d&rsquo;autre part de trouver le caract\u00e8re musical de chaque conte. Pour cela, nous utilisons des couleurs musicales vari\u00e9es en utilisant selon les moments des instruments diff\u00e9rents, fl\u00fbte, piano, shruti box, et en contant et en incarnant certains dialogues. L&rsquo;important \u00e9tant de garder la po\u00e9sie des petits bijoux que sont ces films.<br>Catherine Le Flochmoan et Christofer Bjurstr\u00f6m ont ensemble une longue exp\u00e9rience du rapport avec le jeune public avec la Compagnie Marmouzic (Le Voyage d&rsquo;Hipoll\u00e8ne, Le Myst\u00e8re Bigoulet, le Voleur et la Princesse\u2026) ainsi qu&rsquo;avec les cin\u00e9-concerts de Christofer Bjurstr\u00f6m (Les Aventures du Prince Ahmed (d\u00e9j\u00e0 Lotte Reiniger), le Cin\u00e9-Concert inuit pour petites chouettes..)<br><\/p>\n\n\n\n<p><strong>Catherine Le Flochmoan<\/strong>: conte, chant, shruti box<br><strong>Christofer Bjurstr\u00f6m<\/strong>: piano, fl\u00fbtes<\/p>\n\n\n\n<figure class=\"wp-block-image size-full\"><img loading=\"lazy\" decoding=\"async\" width=\"1024\" height=\"583\" src=\"https:\/\/www.cbjurstrom.eu\/wp-content\/uploads\/Contes-et-Silhouettes-1-rec-comp.jpg\" alt=\"\" class=\"wp-image-11043\" srcset=\"https:\/\/www.cbjurstrom.eu\/wp-content\/uploads\/Contes-et-Silhouettes-1-rec-comp.jpg 1024w, https:\/\/www.cbjurstrom.eu\/wp-content\/uploads\/Contes-et-Silhouettes-1-rec-comp-300x171.jpg 300w, https:\/\/www.cbjurstrom.eu\/wp-content\/uploads\/Contes-et-Silhouettes-1-rec-comp-768x437.jpg 768w\" sizes=\"auto, (max-width: 1024px) 100vw, 1024px\" \/><\/figure>\n","protected":false},"excerpt":{"rendered":"<p>CREATION 2023 4 films courts de Lotte Reiniger Musique de Christofer Bjurstr\u00f6m Catherine Le Flochmoan: conte, chant, shruti box et objets sonoresChristofer Bjurstr\u00f6m: piano, fl\u00fbtes Tout public \u00e0 partir de 4 ans.Dur\u00e9e: 43 mn &#8211; DCP \/ Video La r\u00e9alisatrice Lotte Reiniger, ma\u00eetresse incontest\u00e9e du film en silhouettes d\u00e9coup\u00e9es a r\u00e9alis\u00e9 ces 4 court-m\u00e9trages d&rsquo;animation&hellip;&nbsp;<\/p>\n","protected":false},"author":1,"featured_media":11044,"parent":0,"menu_order":0,"comment_status":"closed","ping_status":"closed","template":"","meta":{"neve_meta_sidebar":"","neve_meta_container":"","neve_meta_enable_content_width":"","neve_meta_content_width":0,"neve_meta_title_alignment":"","neve_meta_author_avatar":"","neve_post_elements_order":"","neve_meta_disable_header":"","neve_meta_disable_footer":"","neve_meta_disable_title":"","footnotes":""},"class_list":["post-10907","page","type-page","status-publish","has-post-thumbnail","hentry"],"_links":{"self":[{"href":"https:\/\/www.cbjurstrom.eu\/index.php\/wp-json\/wp\/v2\/pages\/10907","targetHints":{"allow":["GET"]}}],"collection":[{"href":"https:\/\/www.cbjurstrom.eu\/index.php\/wp-json\/wp\/v2\/pages"}],"about":[{"href":"https:\/\/www.cbjurstrom.eu\/index.php\/wp-json\/wp\/v2\/types\/page"}],"author":[{"embeddable":true,"href":"https:\/\/www.cbjurstrom.eu\/index.php\/wp-json\/wp\/v2\/users\/1"}],"replies":[{"embeddable":true,"href":"https:\/\/www.cbjurstrom.eu\/index.php\/wp-json\/wp\/v2\/comments?post=10907"}],"version-history":[{"count":6,"href":"https:\/\/www.cbjurstrom.eu\/index.php\/wp-json\/wp\/v2\/pages\/10907\/revisions"}],"predecessor-version":[{"id":11048,"href":"https:\/\/www.cbjurstrom.eu\/index.php\/wp-json\/wp\/v2\/pages\/10907\/revisions\/11048"}],"wp:featuredmedia":[{"embeddable":true,"href":"https:\/\/www.cbjurstrom.eu\/index.php\/wp-json\/wp\/v2\/media\/11044"}],"wp:attachment":[{"href":"https:\/\/www.cbjurstrom.eu\/index.php\/wp-json\/wp\/v2\/media?parent=10907"}],"curies":[{"name":"wp","href":"https:\/\/api.w.org\/{rel}","templated":true}]}}